REPLACE INTO `rvs_category` (`rvs_category_id`, `category_name`, `category_sh_name`) VALUES ('17', 'Business', 'bs');
REPLACE INTO `rvs_charset` (`charset_id`, `charset_name`, `charset_value`, `xml_lang`) VALUES ('17', 'english', 'iso-8859-15', 'en');
REPLACE INTO `rvs_color` (`color_id`, `color_name`, `color_code`) VALUES ('38', 'Gold', 'FFD700');
REPLACE INTO `rvs_color_group` (`color_group_id`, `color_id`) VALUES ('6', '38');
REPLACE INTO `rvs_color_group_name` (`color_group_id`, `default_color_id`) VALUES ('6', '38');
REPLACE INTO rvs_component (rvs_component_id,component_name,rvs_owner_usr_id,use_wysiwyg) VALUES ('1e16a5404b06d1f21accc48ad11690ae','Online_Form','042ad317c866bf8dd9516ceaabfcdf32','1');
REPLACE INTO rvs_component (rvs_component_id,component_name,rvs_owner_usr_id,use_wysiwyg) VALUES ('69eecc139bfc9bc1c6ff4aae51eaf135','Photo_Album','042ad317c866bf8dd9516ceaabfcdf32','0');
REPLACE INTO rvs_user_component_config (rvs_project_page_id,rvs_component_id,component_config,component_value) VALUES ('9df535783f442151ba7ba3818b3d58d7','69eecc139bfc9bc1c6ff4aae51eaf135','showPowered','FALSE');
REPLACE INTO rvs_user_component_config (rvs_project_page_id,rvs_component_id,component_config,component_value) VALUES ('9df535783f442151ba7ba3818b3d58d7','69eecc139bfc9bc1c6ff4aae51eaf135','folderNameLength','15');
REPLACE INTO rvs_user_component_config (rvs_project_page_id,rvs_component_id,component_config,component_value) VALUES ('9df535783f442151ba7ba3818b3d58d7','69eecc139bfc9bc1c6ff4aae51eaf135','maxThumbRow','4');
REPLACE INTO rvs_user_component_config (rvs_project_page_id,rvs_component_id,component_config,component_value) VALUES ('9df535783f442151ba7ba3818b3d58d7','69eecc139bfc9bc1c6ff4aae51eaf135','maxThumbColumn','7');
REPLACE INTO rvs_user_component_config (rvs_project_page_id,rvs_component_id,component_config,component_value) VALUES ('9df535783f442151ba7ba3818b3d58d7','69eecc139bfc9bc1c6ff4aae51eaf135','maxFolderColumn','7');
REPLACE INTO rvs_user_component_config (rvs_project_page_id,rvs_component_id,component_config,component_value) VALUES ('9df535783f442151ba7ba3818b3d58d7','69eecc139bfc9bc1c6ff4aae51eaf135','sortType','default');
REPLACE INTO rvs_user_component_config (rvs_project_page_id,rvs_component_id,component_config,component_value) VALUES ('9df535783f442151ba7ba3818b3d58d7','69eecc139bfc9bc1c6ff4aae51eaf135','folderSortType','bydate-ascend');
REPLACE INTO rvs_user_component_config (rvs_project_page_id,rvs_component_id,component_config,component_value) VALUES ('9df535783f442151ba7ba3818b3d58d7','69eecc139bfc9bc1c6ff4aae51eaf135','suppressAltTags','FALSE');
REPLACE INTO rvs_user_component_config (rvs_project_page_id,rvs_component_id,component_config,component_value) VALUES ('9df535783f442151ba7ba3818b3d58d7','69eecc139bfc9bc1c6ff4aae51eaf135','showShortOnThumbPage','TRUE');
REPLACE INTO rvs_user_component_config (rvs_project_page_id,rvs_component_id,component_config,component_value) VALUES ('9df535783f442151ba7ba3818b3d58d7','69eecc139bfc9bc1c6ff4aae51eaf135','maxShortComment','20');
REPLACE INTO rvs_component_config (rvs_component_id,component_config,component_value) VALUES ('1e16a5404b06d1f21accc48ad11690ae','active','1');
REPLACE INTO rvs_component_config (rvs_component_id,component_config,component_value) VALUES ('1e16a5404b06d1f21accc48ad11690ae','isResellerConfig','1');
REPLACE INTO rvs_component_config (rvs_component_id,component_config,component_value) VALUES ('69eecc139bfc9bc1c6ff4aae51eaf135','active','1');
REPLACE INTO rvs_component_config (rvs_component_id,component_config,component_value) VALUES ('69eecc139bfc9bc1c6ff4aae51eaf135','isResellerConfig','1');
REPLACE INTO `rvs_flash_item` (`rvs_flash_item_id`, `flash_folder`, `rvs_flash_id`, `color_id`, `text_scrolling_color`, `text_color_1`, `text_color_2`, `text_color_3`, `text_color_4`, `text_color_5`, `text_color_6`, `text_color_7`, `text_color_8`) VALUES ('31', 'fb01blue', '11', '8', '', '#001746', '#001A4F', '', '', '', '', '', '');
REPLACE INTO `rvs_flash_online` (`rvs_flash_id`, `flash_type_id`, `flash_name`, `text_scrolling`, `text_length_1`, `text_length_2`, `text_length_3`, `text_length_4`, `text_length_5`, `text_length_6`, `text_length_7`, `text_length_8`) VALUES ('11', '3', 'Direction', '0', '150', '150', '0', '0', '0', '0', '0', '0');
REPLACE INTO `rvs_flash_type` (`flash_type_id`, `flash_type_name`, `flash_type_width`, `flash_type_height`) VALUES ('3', 'Full Banner', '468', '60');
REPLACE INTO `rvs_font` (`font_id`, `font_name`) VALUES ('12', 'Verdana');
REPLACE INTO `rvs_internal_page` (`internal_page_id`, `project_id`, `project_page_id`) VALUES ('b8d8304959b6aa9de3f2cca33dcc8ec3', 'd2762a8d0e35bf1d37e541daac2bf34e', '9342f151e6c32f425e1f5fc27a18ec62');
REPLACE INTO `rvs_layout_template` (`layout_template_id`, `layout_template_name`, `layout_template_data`, `layout_template_desc`, `layout_template_preview`, `layout_template_head`, `layout_group_id`) VALUES ('024063d90349d9de0446fe664c14592b', 'General style 9', '<!-- ####### LAYOUT CSS: MODIFY COLOR, FONT AND BOX SIZE HERE BUT DO NOT DELETE. ####### -->\r\n\r\n<style type=\"text/css\">\r\n\r\n.type09bulletpad{\r\n		padding:3px 3px 3px 3px;\r\n		text-align:center;\r\n}\r\n.type09linepad{\r\n		padding:3px 3px 10px 3px;\r\n		text-align:left;\r\n}	\r\n.type09head{  \r\n		font-size:100%;\r\n		color:#FFFFFF;\r\n		font-weight:bold;\r\n		line-height:20px;\r\n		padding:0px 5px 0px 5px;\r\n		background-image:url(images/bghead.gif);\r\n}\r\n.type09head02{  \r\n		font-size:90%;\r\n		color:#FFFFFF;\r\n		font-weight:bold;\r\n		padding:5px 5px 5px 5px;\r\n		background-image:url(images/bghead02.gif);\r\n		background-position:top left;\r\n		background-repeat:no-repeat;\r\n		background-color:#595959;\r\n		text-align:left;\r\n}\r\n.type09subtext{  \r\n		color:#FFFFFF;\r\n		text-align:left;\r\n		padding:5px 5px 5px 5px;\r\n		background-image:url(images/bghead02.gif);\r\n		background-position:top left;\r\n		background-repeat:no-repeat;\r\n		background-color:#595959;\r\n}\r\n.type09line{\r\n		background-image:url(images/line.gif);\r\n		height:2px;\r\n}\r\n.type09bdr{border:#AEAEAE solid 1px;}\r\n\r\n.type09bggray{ background-color:#E9E9E9;}\r\n.type08txtbody{color:#717171;}\r\n</style>\r\n<!-- ########################### END CSS LAYOUT ###########################  -->\r\n<table cellpadding=\"0\" cellspacing=\"3\">\r\n  <tr>\r\n  	<td align=\"left\" valign=\"top\">\r\n		<table cellpadding=\"0\" cellspacing=\"0\" width=\"100%\">\r\n			<tr>\r\n				<td width=\"40%\" align=\"center\" valign=\"top\">\r\n				<table cellpadding=\"0\" cellspacing=\"5\" width=\"100%\">\r\n						<tr>\r\n						  <td align=\"left\" valign=\"top\" colspan=\"2\">\r\n						  	<table cellpadding=\"0\" cellspacing=\"0\" id=\"rv_template_layout\">\r\n								<tr><td class=\"type09head\">Europan lingues</td></tr>\r\n							</table>\r\n						  </td>\r\n						</tr>\r\n						<tr>\r\n						  <td class=\"type09head02\" valign=\"top\" align=\"left\" width=\"30%\"> <img src=\"images/arrow.gif\" alt=\"\" width=\"8\" height=\"8\" /> Header1</td>\r\n						  <td width=\"70%\" valign=\"top\" class=\"type09subtext\">Lorem ipsum dolor sit amet, consetetur sadipscing elitr, sed diam nonumy eirmod tempor invidunt ut labore et dolore magna aliquyam erat, sed diam voluptua.</td>\r\n						</tr>\r\n						<tr>\r\n						  <td class=\"type09head02\" valign=\"top\" align=\"left\" width=\"30%\"> <img src=\"images/arrow.gif\" alt=\"\" width=\"8\" height=\"8\" /> Header1</td>\r\n						  <td width=\"70%\" valign=\"top\" class=\"type09subtext\">Lorem ipsum dolor sit amet, consetetur sadipscing elitr, sed diam nonumy eirmod tempor invidunt ut labore et dolore magna aliquyam erat, sed diam voluptua.</td>\r\n						</tr>\r\n						<tr>\r\n						  <td class=\"type09head02\" valign=\"top\" align=\"left\" width=\"30%\"> <img src=\"images/arrow.gif\" alt=\"\" width=\"8\" height=\"8\" /> Header1</td>\r\n						  <td width=\"70%\" valign=\"top\" class=\"type09subtext\">Lorem ipsum dolor sit amet, consetetur sadipscing elitr, sed diam nonumy eirmod tempor invidunt ut labore et dolore magna aliquyam erat, sed diam voluptua.</td>\r\n						</tr>\r\n			  	  </table>\r\n				</td>\r\n				<td width=\"60%\" align=\"left\" valign=\"top\">\r\n					<table cellpadding=\"0\" cellspacing=\"0\" width=\"100%\" class=\"type09bdr\">\r\n					  <tr>\r\n						 <td align=\"left\" valign=\"top\">\r\n							 <table cellpadding=\"0\" cellspacing=\"3\" width=\"100%\">\r\n								<tr>\r\n								  <td align=\"left\" valign=\"top\" colspan=\"2\">\r\n									<table cellpadding=\"0\" cellspacing=\"0\" id=\"rv_template_layout\">\r\n										<tr><td class=\"type09head\">Europan lingues</td></tr>\r\n									</table>\r\n								  </td>\r\n								</tr>\r\n								<tr>\r\n								  <td class=\"type09bulletpad\" valign=\"top\" align=\"left\"><img src=\"images/65x65.gif\" alt=\"\" width=\"65\" height=\"65\" /></td>\r\n								  <td width=\"95%\" valign=\"top\" class=\"type09linepad\">Europan lingues Lorem ipsum dolor sit amet, consetetur sadipscing</td>\r\n								</tr>\r\n								<tr>\r\n								  <td class=\"type09bulletpad\" valign=\"top\" align=\"left\"><img src=\"images/65x65.gif\" alt=\"\" width=\"65\" height=\"65\" /></td>\r\n								  <td width=\"95%\" valign=\"top\" class=\"type09linepad\">Europan lingues Lorem ipsum dolor sit amet, consetetur sadipscing</td>\r\n								</tr>\r\n								<tr>\r\n								  <td class=\"type09bulletpad\" valign=\"top\" align=\"left\"><img src=\"images/65x65.gif\" alt=\"\" width=\"65\" height=\"65\" /></td>\r\n								  <td width=\"95%\" valign=\"top\">Europan lingues Lorem ipsum dolor sit amet, consetetur sadipscing. europan lingues Lorem ipsum dolor sit amet, consetetur sadipscing</td>\r\n								</tr>\r\n							</table>\r\n					    </td>\r\n					 </tr>\r\n					 <tr><td class=\"type09line\"><img src=\"images/spacer.gif\" alt=\"\" width=\"1\" height=\"2\" /></td></tr>\r\n					 <tr>\r\n						 <td align=\"left\" valign=\"top\" class=\"type09bggray\">\r\n							 <table cellpadding=\"0\" cellspacing=\"3\" width=\"100%\">\r\n								<tr>\r\n								  <td valign=\"top\" colspan=\"2\">\r\n									<table cellpadding=\"0\" cellspacing=\"0\" id=\"rv_template_layout\">\r\n										<tr><td class=\"type09head\">Europan lingues</td></tr>\r\n									</table>\r\n								  </td>\r\n								</tr>\r\n								<tr>\r\n									<td align=\"left\" valign=\"top\"><img src=\"images/180x120.gif\" alt=\"\" width=\"180\" height=\"120\" hspace=\"5\" vspace=\"5\" /></td>\r\n									<td align=\"left\" valign=\"top\">\r\n										<table cellpadding=\"0\" cellspacing=\"3\" width=\"100%\" class=\"type08txtbody\">\r\n											<tr>\r\n											  <td class=\"type09bulletpad\" valign=\"top\" align=\"left\"><img src=\"images/bullet01.gif\" alt=\"\" width=\"36\" height=\"19\" /></td>\r\n											  <td width=\"95%\" valign=\"top\" class=\"type09linepad\" align=\"left\">Europan lingues Lorem ipsum dolor sit amet, consetetur sadipscing</td>\r\n											</tr>\r\n											<tr>\r\n												<td class=\"type09line\" colspan=\"2\"><img src=\"images/spacer.gif\" alt=\"\" width=\"1\" height=\"2\" /></td>\r\n											</tr>\r\n											<tr>\r\n											  <td class=\"type09bulletpad\" valign=\"top\" align=\"left\"><img src=\"images/bullet02.gif\" alt=\"\" width=\"36\" height=\"19\" /></td>\r\n											  <td width=\"95%\" valign=\"top\" class=\"type09linepad\" align=\"left\">Europan lingues Lorem ipsum dolor sit amet, consetetur sadipscing</td>\r\n											</tr>\r\n											<tr>\r\n												<td class=\"type09line\" colspan=\"2\"><img src=\"images/spacer.gif\" alt=\"\" width=\"1\" height=\"2\" /></td>\r\n											</tr>\r\n											<tr>\r\n											  <td class=\"type09bulletpad\" valign=\"top\" align=\"left\"><img src=\"images/bullet03.gif\" alt=\"\" width=\"36\" height=\"19\" /></td>\r\n											  <td width=\"95%\" valign=\"top\" class=\"type09linepad\" align=\"left\">Europan lingues Lorem ipsum dolor sit amet, consetetur sadipscing. europan lingues Lorem ipsum dolor sit amet, consetetur sadipscing</td>\r\n											</tr>\r\n										</table>\r\n									</td>\r\n								</tr>\r\n							</table>\r\n					   </td>\r\n					 </tr>\r\n				  </table>\r\n				</td>\r\n			</tr>\r\n		</table>  		\r\n	</td>\r\n  </tr>\r\n</table>', '', 'b_layout09.jpg', '', '3');
REPLACE INTO `rvs_layout_group` (`layout_group_id`, `layout_group_name`, `layout_category_id`) VALUES ('3', 'general style', '1');
REPLACE INTO `rvs_navigator_name` (`navigator_name_id`, `navigator_name`) VALUES ('3', 'h_classic_button');
REPLACE INTO `rvs_navigator` (`navigator_id`, `menustyle_id`, `navigator_name_id`) VALUES ('119', '2', '9');
REPLACE INTO rvs_online_counter (counter_id,counter_name,rvs_usr_id,project_id,project_page_id,counter_style,max_digit,frame,cpmode,counter_tag) VALUES ('0192afd132323c66747fcc9b368e4c73','Hanlincount','e5f192991c50fd12bdabdf07cb1abc52','d2762a8d0e35bf1d37e541daac2bf34e','a15ff2302cae7603a2dff98fefdd9631','B','7','3','cpanel','');
REPLACE INTO rvs_online_counter (counter_id,counter_name,rvs_usr_id,project_id,project_page_id,counter_style,max_digit,frame,cpmode,counter_tag) VALUES ('41580e8515e869cb1d03b33e27418946','Hanlincounter','e5f192991c50fd12bdabdf07cb1abc52','d2762a8d0e35bf1d37e541daac2bf34e','a15ff2302cae7603a2dff98fefdd9631','B','5','2','cpanel','&lt;img src=\"/cgi-sys/Count.cgi?df=Hanlincounter.dat|display=Counter|ft=2|md=5|frgb=0;0;0|dd=B\"&gt;');
REPLACE INTO rvs_online_form (rvs_onlineform_id,rvs_usr_id,project_page_id,project_id,online_form,step2_field,button,mailaccount,maildomain,mailsubject,thankmsg,mailbanedlist,onlineform_layout) VALUES ('cc31318368dd756bbce9a2d2db9eadf3','e5f192991c50fd12bdabdf07cb1abc52','b55d9b25d61419389bc0a59389256ddc','','a:5:{i:0;a:5:{s:4:\"name\";s:4:\"name\";s:4:\"type\";s:7:\"textbox\";s:9:\"seloption\";s:1:\"0\";s:5:\"title\";s:13:\"##Your Name##\";s:8:\"property\";a:5:{s:10:\"char_width\";s:2:\"20\";s:9:\"max_width\";s:3:\"100\";s:8:\"init_val\";s:0:\"\";s:7:\"require\";s:1:\"1\";s:8:\"validate\";s:1:\"0\";}}i:1;a:5:{s:4:\"name\";s:5:\"email\";s:4:\"type\";s:7:\"textbox\";s:9:\"seloption\";s:1:\"0\";s:5:\"title\";s:9:\"##Email##\";s:8:\"property\";a:5:{s:10:\"char_width\";s:2:\"20\";s:9:\"max_width\";s:3:\"100\";s:8:\"init_val\";s:0:\"\";s:7:\"require\";s:1:\"1\";s:8:\"validate\";s:1:\"2\";}}i:2;a:5:{s:4:\"name\";s:5:\"phone\";s:4:\"type\";s:7:\"textbox\";s:9:\"seloption\";s:1:\"0\";s:5:\"title\";s:9:\"##Phone##\";s:8:\"property\";a:4:{s:10:\"char_width\";s:2:\"15\";s:9:\"max_width\";s:2:\"50\";s:8:\"init_val\";s:0:\"\";s:8:\"validate\";s:1:\"0\";}}i:3;a:5:{s:4:\"name\";s:7:\"subject\";s:4:\"type\";s:7:\"textbox\";s:9:\"seloption\";s:1:\"0\";s:5:\"title\";s:11:\"##Subject##\";s:8:\"property\";a:5:{s:10:\"char_width\";s:2:\"30\";s:9:\"max_width\";s:3:\"200\";s:8:\"init_val\";s:18:\"##More detail...##\";s:7:\"require\";s:1:\"1\";s:8:\"validate\";s:1:\"0\";}}i:4;a:5:{s:5:\"title\";s:11:\"##Comment##\";s:4:\"name\";s:7:\"comment\";s:4:\"type\";s:8:\"textarea\";s:9:\"seloption\";s:1:\"0\";s:8:\"property\";a:5:{s:10:\"char_width\";s:2:\"30\";s:8:\"num_line\";s:1:\"6\";s:8:\"init_val\";s:0:\"\";s:4:\"wrap\";s:7:\"Default\";s:8:\"validate\";s:1:\"0\";}}}','a:5:{s:4:\"name\";a:5:{i:0;s:4:\"name\";i:1;s:5:\"email\";i:2;s:5:\"phone\";i:3;s:7:\"subject\";i:4;s:7:\"comment\";}s:5:\"title\";a:5:{i:0;s:13:\"##Your Name##\";i:1;s:9:\"##Email##\";i:2;s:9:\"##Phone##\";i:3;s:11:\"##Subject##\";i:4;s:11:\"##Comment##\";}s:4:\"type\";a:5:{i:0;s:7:\"textbox\";i:1;s:7:\"textbox\";i:2;s:7:\"textbox\";i:3;s:7:\"textbox\";i:4;s:8:\"textarea\";}s:9:\"seloption\";a:5:{i:0;s:1:\"0\";i:1;s:1:\"0\";i:2;s:1:\"0\";i:3;s:1:\"0\";i:4;s:1:\"0\";}s:14:\"step2_numfield\";s:1:\"5\";}','a:2:{s:5:\"reset\";a:1:{s:5:\"label\";s:9:\"##Clear##\";}s:6:\"submit\";a:1:{s:5:\"label\";s:8:\"##Send##\";}}','','','sss','thank you','','width=\"95%\" bgcolor=\"#f0f0f0\" align=\"center\" cellspacing=\"1\" cellpadding=\"3\"  style=\"text-align:left;border:0px solid solid;\"|#e3ebd3|#c7d7a7');
REPLACE INTO rvs_online_form (rvs_onlineform_id,rvs_usr_id,project_page_id,project_id,online_form,step2_field,button,mailaccount,maildomain,mailsubject,thankmsg,mailbanedlist,onlineform_layout) VALUES ('b86934e65e5848765ec041e04822aa8e','e5f192991c50fd12bdabdf07cb1abc52','b55d9b25d61419389bc0a59389256ddc','','a:5:{i:0;a:5:{s:4:\"name\";s:4:\"name\";s:4:\"type\";s:7:\"textbox\";s:9:\"seloption\";s:1:\"0\";s:5:\"title\";s:13:\"##Your Name##\";s:8:\"property\";a:5:{s:10:\"char_width\";s:2:\"20\";s:9:\"max_width\";s:3:\"100\";s:8:\"init_val\";s:0:\"\";s:7:\"require\";s:1:\"1\";s:8:\"validate\";s:1:\"0\";}}i:1;a:5:{s:4:\"name\";s:5:\"email\";s:4:\"type\";s:7:\"textbox\";s:9:\"seloption\";s:1:\"0\";s:5:\"title\";s:9:\"##Email##\";s:8:\"property\";a:5:{s:10:\"char_width\";s:2:\"20\";s:9:\"max_width\";s:3:\"100\";s:8:\"init_val\";s:0:\"\";s:7:\"require\";s:1:\"1\";s:8:\"validate\";s:1:\"2\";}}i:2;a:5:{s:4:\"name\";s:5:\"phone\";s:4:\"type\";s:7:\"textbox\";s:9:\"seloption\";s:1:\"0\";s:5:\"title\";s:9:\"##Phone##\";s:8:\"property\";a:4:{s:10:\"char_width\";s:2:\"15\";s:9:\"max_width\";s:2:\"50\";s:8:\"init_val\";s:0:\"\";s:8:\"validate\";s:1:\"0\";}}i:3;a:5:{s:4:\"name\";s:7:\"subject\";s:4:\"type\";s:7:\"textbox\";s:9:\"seloption\";s:1:\"0\";s:5:\"title\";s:11:\"##Subject##\";s:8:\"property\";a:5:{s:10:\"char_width\";s:2:\"30\";s:9:\"max_width\";s:3:\"200\";s:8:\"init_val\";s:18:\"##More detail...##\";s:7:\"require\";s:1:\"1\";s:8:\"validate\";s:1:\"0\";}}i:4;a:5:{s:5:\"title\";s:11:\"##Comment##\";s:4:\"name\";s:7:\"comment\";s:4:\"type\";s:8:\"textarea\";s:9:\"seloption\";s:1:\"0\";s:8:\"property\";a:5:{s:10:\"char_width\";s:2:\"30\";s:8:\"num_line\";s:1:\"6\";s:8:\"init_val\";s:0:\"\";s:4:\"wrap\";s:7:\"Default\";s:8:\"validate\";s:1:\"0\";}}}','a:5:{s:4:\"name\";a:5:{i:0;s:4:\"name\";i:1;s:5:\"email\";i:2;s:5:\"phone\";i:3;s:7:\"subject\";i:4;s:7:\"comment\";}s:5:\"title\";a:5:{i:0;s:13:\"##Your Name##\";i:1;s:9:\"##Email##\";i:2;s:9:\"##Phone##\";i:3;s:11:\"##Subject##\";i:4;s:11:\"##Comment##\";}s:4:\"type\";a:5:{i:0;s:7:\"textbox\";i:1;s:7:\"textbox\";i:2;s:7:\"textbox\";i:3;s:7:\"textbox\";i:4;s:8:\"textarea\";}s:9:\"seloption\";a:5:{i:0;s:1:\"0\";i:1;s:1:\"0\";i:2;s:1:\"0\";i:3;s:1:\"0\";i:4;s:1:\"0\";}s:14:\"step2_numfield\";s:1:\"5\";}','a:2:{s:5:\"reset\";a:1:{s:5:\"label\";s:9:\"##Clear##\";}s:6:\"submit\";a:1:{s:5:\"label\";s:8:\"##Send##\";}}','','','sss','thank you','','width=\"95%\" bgcolor=\"#f0f0f0\" align=\"center\" cellspacing=\"1\" cellpadding=\"3\"  style=\"text-align:left;border:0px solid solid;\"|#e3ebd3|#c7d7a7');
REPLACE INTO rvs_online_form (rvs_onlineform_id,rvs_usr_id,project_page_id,project_id,online_form,step2_field,button,mailaccount,maildomain,mailsubject,thankmsg,mailbanedlist,onlineform_layout) VALUES ('0dcbd734e587d24422b37d28022ef758','e5f192991c50fd12bdabdf07cb1abc52','b55d9b25d61419389bc0a59389256ddc','','a:5:{i:0;a:5:{s:4:\"name\";s:4:\"name\";s:4:\"type\";s:7:\"textbox\";s:9:\"seloption\";s:1:\"0\";s:5:\"title\";s:13:\"##Your Name##\";s:8:\"property\";a:5:{s:10:\"char_width\";s:2:\"20\";s:9:\"max_width\";s:3:\"100\";s:8:\"init_val\";s:0:\"\";s:7:\"require\";s:1:\"1\";s:8:\"validate\";s:1:\"0\";}}i:1;a:5:{s:4:\"name\";s:5:\"email\";s:4:\"type\";s:7:\"textbox\";s:9:\"seloption\";s:1:\"0\";s:5:\"title\";s:9:\"##Email##\";s:8:\"property\";a:5:{s:10:\"char_width\";s:2:\"20\";s:9:\"max_width\";s:3:\"100\";s:8:\"init_val\";s:0:\"\";s:7:\"require\";s:1:\"1\";s:8:\"validate\";s:1:\"2\";}}i:2;a:5:{s:4:\"name\";s:5:\"phone\";s:4:\"type\";s:7:\"textbox\";s:9:\"seloption\";s:1:\"0\";s:5:\"title\";s:9:\"##Phone##\";s:8:\"property\";a:4:{s:10:\"char_width\";s:2:\"15\";s:9:\"max_width\";s:2:\"50\";s:8:\"init_val\";s:0:\"\";s:8:\"validate\";s:1:\"0\";}}i:3;a:5:{s:4:\"name\";s:7:\"subject\";s:4:\"type\";s:7:\"textbox\";s:9:\"seloption\";s:1:\"0\";s:5:\"title\";s:11:\"##Subject##\";s:8:\"property\";a:5:{s:10:\"char_width\";s:2:\"30\";s:9:\"max_width\";s:3:\"200\";s:8:\"init_val\";s:18:\"##More detail...##\";s:7:\"require\";s:1:\"1\";s:8:\"validate\";s:1:\"0\";}}i:4;a:5:{s:5:\"title\";s:11:\"##Comment##\";s:4:\"name\";s:7:\"comment\";s:4:\"type\";s:8:\"textarea\";s:9:\"seloption\";s:1:\"0\";s:8:\"property\";a:5:{s:10:\"char_width\";s:2:\"30\";s:8:\"num_line\";s:1:\"6\";s:8:\"init_val\";s:0:\"\";s:4:\"wrap\";s:7:\"Default\";s:8:\"validate\";s:1:\"0\";}}}','a:5:{s:4:\"name\";a:5:{i:0;s:4:\"name\";i:1;s:5:\"email\";i:2;s:5:\"phone\";i:3;s:7:\"subject\";i:4;s:7:\"comment\";}s:5:\"title\";a:5:{i:0;s:13:\"##Your Name##\";i:1;s:9:\"##Email##\";i:2;s:9:\"##Phone##\";i:3;s:11:\"##Subject##\";i:4;s:11:\"##Comment##\";}s:4:\"type\";a:5:{i:0;s:7:\"textbox\";i:1;s:7:\"textbox\";i:2;s:7:\"textbox\";i:3;s:7:\"textbox\";i:4;s:8:\"textarea\";}s:9:\"seloption\";a:5:{i:0;s:1:\"0\";i:1;s:1:\"0\";i:2;s:1:\"0\";i:3;s:1:\"0\";i:4;s:1:\"0\";}s:14:\"step2_numfield\";s:1:\"5\";}','a:2:{s:5:\"reset\";a:1:{s:5:\"label\";s:9:\"##Clear##\";}s:6:\"submit\";a:1:{s:5:\"label\";s:8:\"##Send##\";}}','','','sss','thank you','','width=\"95%\" bgcolor=\"#f0f0f0\" align=\"center\" cellspacing=\"1\" cellpadding=\"3\"  style=\"text-align:left;border:0px solid solid;\"|#e3ebd3|#c7d7a7');
REPLACE INTO rvs_online_form (rvs_onlineform_id,rvs_usr_id,project_page_id,project_id,online_form,step2_field,button,mailaccount,maildomain,mailsubject,thankmsg,mailbanedlist,onlineform_layout) VALUES ('7ba75bc1ed8e59572046abbec73ac669','e5f192991c50fd12bdabdf07cb1abc52','b55d9b25d61419389bc0a59389256ddc','','a:5:{i:0;a:5:{s:4:\"name\";s:4:\"name\";s:4:\"type\";s:7:\"textbox\";s:9:\"seloption\";s:1:\"0\";s:5:\"title\";s:13:\"##Your Name##\";s:8:\"property\";a:5:{s:10:\"char_width\";s:2:\"20\";s:9:\"max_width\";s:3:\"100\";s:8:\"init_val\";s:0:\"\";s:7:\"require\";s:1:\"1\";s:8:\"validate\";s:1:\"0\";}}i:1;a:5:{s:4:\"name\";s:5:\"email\";s:4:\"type\";s:7:\"textbox\";s:9:\"seloption\";s:1:\"0\";s:5:\"title\";s:9:\"##Email##\";s:8:\"property\";a:5:{s:10:\"char_width\";s:2:\"20\";s:9:\"max_width\";s:3:\"100\";s:8:\"init_val\";s:0:\"\";s:7:\"require\";s:1:\"1\";s:8:\"validate\";s:1:\"2\";}}i:2;a:5:{s:4:\"name\";s:5:\"phone\";s:4:\"type\";s:7:\"textbox\";s:9:\"seloption\";s:1:\"0\";s:5:\"title\";s:9:\"##Phone##\";s:8:\"property\";a:4:{s:10:\"char_width\";s:2:\"15\";s:9:\"max_width\";s:2:\"50\";s:8:\"init_val\";s:0:\"\";s:8:\"validate\";s:1:\"0\";}}i:3;a:5:{s:4:\"name\";s:7:\"subject\";s:4:\"type\";s:7:\"textbox\";s:9:\"seloption\";s:1:\"0\";s:5:\"title\";s:11:\"##Subject##\";s:8:\"property\";a:5:{s:10:\"char_width\";s:2:\"30\";s:9:\"max_width\";s:3:\"200\";s:8:\"init_val\";s:18:\"##More detail...##\";s:7:\"require\";s:1:\"1\";s:8:\"validate\";s:1:\"0\";}}i:4;a:5:{s:5:\"title\";s:11:\"##Comment##\";s:4:\"name\";s:7:\"comment\";s:4:\"type\";s:8:\"textarea\";s:9:\"seloption\";s:1:\"0\";s:8:\"property\";a:5:{s:10:\"char_width\";s:2:\"30\";s:8:\"num_line\";s:1:\"6\";s:8:\"init_val\";s:0:\"\";s:4:\"wrap\";s:7:\"Default\";s:8:\"validate\";s:1:\"0\";}}}','a:5:{s:4:\"name\";a:5:{i:0;s:4:\"name\";i:1;s:5:\"email\";i:2;s:5:\"phone\";i:3;s:7:\"subject\";i:4;s:7:\"comment\";}s:5:\"title\";a:5:{i:0;s:13:\"##Your Name##\";i:1;s:9:\"##Email##\";i:2;s:9:\"##Phone##\";i:3;s:11:\"##Subject##\";i:4;s:11:\"##Comment##\";}s:4:\"type\";a:5:{i:0;s:7:\"textbox\";i:1;s:7:\"textbox\";i:2;s:7:\"textbox\";i:3;s:7:\"textbox\";i:4;s:8:\"textarea\";}s:9:\"seloption\";a:5:{i:0;s:1:\"0\";i:1;s:1:\"0\";i:2;s:1:\"0\";i:3;s:1:\"0\";i:4;s:1:\"0\";}s:14:\"step2_numfield\";s:1:\"5\";}','a:2:{s:5:\"reset\";a:1:{s:5:\"label\";s:9:\"##Clear##\";}s:6:\"submit\";a:1:{s:5:\"label\";s:8:\"##Send##\";}}','','','sss','thank you','','width=\"95%\" bgcolor=\"#f0f0f0\" align=\"center\" cellspacing=\"1\" cellpadding=\"3\"  style=\"text-align:left;border:0px solid solid;\"|#e3ebd3|#c7d7a7');
REPLACE INTO rvs_online_form (rvs_onlineform_id,rvs_usr_id,project_page_id,project_id,online_form,step2_field,button,mailaccount,maildomain,mailsubject,thankmsg,mailbanedlist,onlineform_layout) VALUES ('3b2b3734b7deb22286d13fcaa1e3f989','e5f192991c50fd12bdabdf07cb1abc52','8b72f10be5b4deaa3cb7905e8ff6d5f8','','a:5:{i:0;a:5:{s:4:\"name\";s:4:\"name\";s:4:\"type\";s:7:\"textbox\";s:9:\"seloption\";s:1:\"0\";s:5:\"title\";s:9:\"Your Name\";s:8:\"property\";a:5:{s:10:\"char_width\";s:2:\"20\";s:9:\"max_width\";s:3:\"100\";s:8:\"init_val\";s:0:\"\";s:7:\"require\";s:1:\"1\";s:8:\"validate\";s:1:\"0\";}}i:1;a:5:{s:4:\"name\";s:5:\"email\";s:4:\"type\";s:7:\"textbox\";s:9:\"seloption\";s:1:\"0\";s:5:\"title\";s:5:\"Email\";s:8:\"property\";a:5:{s:10:\"char_width\";s:2:\"20\";s:9:\"max_width\";s:3:\"100\";s:8:\"init_val\";s:0:\"\";s:7:\"require\";s:1:\"1\";s:8:\"validate\";s:1:\"2\";}}i:2;a:5:{s:4:\"name\";s:5:\"phone\";s:4:\"type\";s:7:\"textbox\";s:9:\"seloption\";s:1:\"0\";s:5:\"title\";s:5:\"Phone\";s:8:\"property\";a:5:{s:10:\"char_width\";s:2:\"15\";s:9:\"max_width\";s:2:\"50\";s:8:\"init_val\";s:0:\"\";s:7:\"require\";s:1:\"1\";s:8:\"validate\";s:1:\"0\";}}i:3;a:5:{s:4:\"name\";s:7:\"subject\";s:4:\"type\";s:7:\"textbox\";s:9:\"seloption\";s:1:\"0\";s:5:\"title\";s:7:\"Subject\";s:8:\"property\";a:5:{s:10:\"char_width\";s:2:\"30\";s:9:\"max_width\";s:3:\"200\";s:8:\"init_val\";s:18:\"##More detail...##\";s:7:\"require\";s:1:\"1\";s:8:\"validate\";s:1:\"0\";}}i:4;a:5:{s:5:\"title\";s:7:\"Comment\";s:4:\"name\";s:7:\"comment\";s:4:\"type\";s:8:\"textarea\";s:9:\"seloption\";s:1:\"0\";s:8:\"property\";a:5:{s:10:\"char_width\";s:2:\"30\";s:8:\"num_line\";s:1:\"6\";s:8:\"init_val\";s:0:\"\";s:4:\"wrap\";s:7:\"Default\";s:8:\"validate\";s:1:\"0\";}}}','a:5:{s:4:\"name\";a:5:{i:0;s:4:\"name\";i:1;s:5:\"email\";i:2;s:5:\"phone\";i:3;s:7:\"subject\";i:4;s:7:\"comment\";}s:5:\"title\";a:5:{i:0;s:9:\"Your Name\";i:1;s:5:\"Email\";i:2;s:5:\"Phone\";i:3;s:7:\"Subject\";i:4;s:7:\"Comment\";}s:4:\"type\";a:5:{i:0;s:7:\"textbox\";i:1;s:7:\"textbox\";i:2;s:7:\"textbox\";i:3;s:7:\"textbox\";i:4;s:8:\"textarea\";}s:9:\"seloption\";a:5:{i:0;s:1:\"0\";i:1;s:1:\"0\";i:2;s:1:\"0\";i:3;s:1:\"0\";i:4;s:1:\"0\";}s:14:\"step2_numfield\";s:1:\"5\";}','a:2:{s:5:\"reset\";a:1:{s:5:\"label\";s:5:\"Clear\";}s:6:\"submit\";a:1:{s:5:\"label\";s:4:\"Send\";}}','info','hanlinlodge.co.za','Booking Request','Thank you, for your booking request, we will contact you as soon as possible. Please do not reply to this email, since it is an electronic response.\r\n\r\nRegards\r\n\r\nRetha\r\nHanlin Lodge','','width=\"95%\" bgcolor=\"#f0f0f0\" align=\"center\" cellspacing=\"1\" cellpadding=\"3\"  style=\"color:#000000;text-align:left;border:2px solid #ffffff;\"|#F3E4DE|#FEF6F2');
REPLACE INTO rvs_online_form (rvs_onlineform_id,rvs_usr_id,project_page_id,project_id,online_form,step2_field,button,mailaccount,maildomain,mailsubject,thankmsg,mailbanedlist,onlineform_layout) VALUES ('335d4be303b73fd0138cf942d64b96c0','e5f192991c50fd12bdabdf07cb1abc52','8b72f10be5b4deaa3cb7905e8ff6d5f8','','a:13:{i:0;a:5:{s:4:\"name\";s:7:\"company\";s:4:\"type\";s:7:\"textbox\";s:9:\"seloption\";s:1:\"0\";s:5:\"title\";s:10:\"First name\";s:8:\"property\";a:5:{s:10:\"char_width\";s:2:\"20\";s:9:\"max_width\";s:3:\"100\";s:8:\"init_val\";s:0:\"\";s:7:\"require\";s:1:\"1\";s:8:\"validate\";s:1:\"4\";}}i:1;a:5:{s:4:\"name\";s:9:\"firstname\";s:4:\"type\";s:7:\"textbox\";s:9:\"seloption\";s:1:\"0\";s:5:\"title\";s:9:\"Last name\";s:8:\"property\";a:5:{s:10:\"char_width\";s:2:\"20\";s:9:\"max_width\";s:3:\"100\";s:8:\"init_val\";s:0:\"\";s:7:\"require\";s:1:\"1\";s:8:\"validate\";s:1:\"4\";}}i:2;a:5:{s:4:\"name\";s:10:\"middlename\";s:4:\"type\";s:7:\"textbox\";s:9:\"seloption\";s:1:\"0\";s:5:\"title\";s:21:\"Telephone/Cell number\";s:8:\"property\";a:5:{s:10:\"char_width\";s:2:\"20\";s:9:\"max_width\";s:3:\"100\";s:8:\"init_val\";s:0:\"\";s:7:\"require\";s:1:\"1\";s:8:\"validate\";s:1:\"3\";}}i:3;a:5:{s:4:\"name\";s:8:\"lastname\";s:4:\"type\";s:7:\"textbox\";s:9:\"seloption\";s:1:\"0\";s:5:\"title\";s:14:\"Postal address\";s:8:\"property\";a:4:{s:10:\"char_width\";s:2:\"20\";s:9:\"max_width\";s:3:\"100\";s:8:\"init_val\";s:0:\"\";s:8:\"validate\";s:1:\"5\";}}i:4;a:5:{s:4:\"name\";s:6:\"street\";s:4:\"type\";s:7:\"textbox\";s:9:\"seloption\";s:1:\"0\";s:5:\"title\";s:9:\"City/Town\";s:8:\"property\";a:4:{s:10:\"char_width\";s:2:\"20\";s:9:\"max_width\";s:3:\"100\";s:8:\"init_val\";s:0:\"\";s:8:\"validate\";s:1:\"4\";}}i:5;a:5:{s:4:\"name\";s:4:\"city\";s:4:\"type\";s:7:\"textbox\";s:9:\"seloption\";s:1:\"0\";s:5:\"title\";s:11:\"Postal code\";s:8:\"property\";a:4:{s:10:\"char_width\";s:2:\"20\";s:9:\"max_width\";s:3:\"100\";s:8:\"init_val\";s:0:\"\";s:8:\"validate\";s:1:\"3\";}}i:6;a:5:{s:4:\"name\";s:5:\"state\";s:4:\"type\";s:7:\"textbox\";s:9:\"seloption\";s:1:\"0\";s:5:\"title\";s:16:\"Number of people\";s:8:\"property\";a:5:{s:10:\"char_width\";s:2:\"20\";s:9:\"max_width\";s:2:\"30\";s:8:\"init_val\";s:0:\"\";s:7:\"require\";s:1:\"1\";s:8:\"validate\";s:1:\"3\";}}i:7;a:5:{s:4:\"name\";s:7:\"zipcode\";s:4:\"type\";s:7:\"textbox\";s:9:\"seloption\";s:1:\"0\";s:5:\"title\";s:25:\"Adults (14 yrs and older)\";s:8:\"property\";a:4:{s:10:\"char_width\";s:2:\"10\";s:9:\"max_width\";s:2:\"30\";s:8:\"init_val\";s:0:\"\";s:8:\"validate\";s:1:\"3\";}}i:8;a:5:{s:4:\"name\";s:7:\"country\";s:4:\"type\";s:7:\"textbox\";s:9:\"seloption\";s:1:\"0\";s:5:\"title\";s:23:\"Children (specify ages)\";s:8:\"property\";a:4:{s:10:\"char_width\";s:2:\"20\";s:9:\"max_width\";s:2:\"50\";s:8:\"init_val\";s:0:\"\";s:8:\"validate\";s:1:\"0\";}}i:9;a:5:{s:4:\"name\";s:5:\"phone\";s:4:\"type\";s:7:\"textbox\";s:9:\"seloption\";s:1:\"0\";s:5:\"title\";s:10:\"Fax number\";s:8:\"property\";a:4:{s:10:\"char_width\";s:2:\"20\";s:9:\"max_width\";s:2:\"50\";s:8:\"init_val\";s:0:\"\";s:8:\"validate\";s:1:\"3\";}}i:10;a:5:{s:4:\"name\";s:5:\"email\";s:4:\"type\";s:7:\"textbox\";s:9:\"seloption\";s:1:\"0\";s:5:\"title\";s:5:\"Email\";s:8:\"property\";a:5:{s:10:\"char_width\";s:2:\"20\";s:9:\"max_width\";s:3:\"100\";s:8:\"init_val\";s:0:\"\";s:7:\"require\";s:1:\"1\";s:8:\"validate\";s:1:\"2\";}}i:11;a:5:{s:4:\"name\";s:5:\"birth\";s:4:\"type\";s:7:\"textbox\";s:9:\"seloption\";s:1:\"0\";s:5:\"title\";s:14:\"Dates required\";s:8:\"property\";a:5:{s:10:\"char_width\";s:2:\"20\";s:9:\"max_width\";s:2:\"50\";s:8:\"init_val\";s:0:\"\";s:7:\"require\";s:1:\"1\";s:8:\"validate\";s:1:\"0\";}}i:12;a:5:{s:5:\"title\";s:7:\"Request\";s:4:\"name\";s:7:\"comment\";s:4:\"type\";s:8:\"textarea\";s:9:\"seloption\";s:1:\"0\";s:8:\"property\";a:6:{s:10:\"char_width\";s:2:\"30\";s:8:\"num_line\";s:1:\"6\";s:8:\"init_val\";s:0:\"\";s:4:\"wrap\";s:7:\"Default\";s:7:\"require\";s:1:\"1\";s:8:\"validate\";s:1:\"0\";}}}','a:5:{s:4:\"name\";a:13:{i:0;s:7:\"company\";i:1;s:9:\"firstname\";i:2;s:10:\"middlename\";i:3;s:8:\"lastname\";i:4;s:6:\"street\";i:5;s:4:\"city\";i:6;s:5:\"state\";i:7;s:7:\"zipcode\";i:8;s:7:\"country\";i:9;s:5:\"phone\";i:10;s:5:\"email\";i:11;s:5:\"birth\";i:12;s:7:\"comment\";}s:5:\"title\";a:13:{i:0;s:10:\"First name\";i:1;s:9:\"Last name\";i:2;s:21:\"Telephone/Cell number\";i:3;s:14:\"Postal address\";i:4;s:9:\"City/Town\";i:5;s:11:\"Postal code\";i:6;s:16:\"Number of people\";i:7;s:25:\"Adults (14 yrs and older)\";i:8;s:23:\"Children (specify ages)\";i:9;s:10:\"Fax number\";i:10;s:5:\"Email\";i:11;s:14:\"Dates required\";i:12;s:7:\"Request\";}s:4:\"type\";a:13:{i:0;s:7:\"textbox\";i:1;s:7:\"textbox\";i:2;s:7:\"textbox\";i:3;s:7:\"textbox\";i:4;s:7:\"textbox\";i:5;s:7:\"textbox\";i:6;s:7:\"textbox\";i:7;s:7:\"textbox\";i:8;s:7:\"textbox\";i:9;s:7:\"textbox\";i:10;s:7:\"textbox\";i:11;s:7:\"textbox\";i:12;s:8:\"textarea\";}s:9:\"seloption\";a:13:{i:0;s:1:\"0\";i:1;s:1:\"0\";i:2;s:1:\"0\";i:3;s:1:\"0\";i:4;s:1:\"0\";i:5;s:1:\"0\";i:6;s:1:\"0\";i:7;s:1:\"0\";i:8;s:1:\"0\";i:9;s:1:\"0\";i:10;s:1:\"0\";i:11;s:1:\"0\";i:12;s:1:\"0\";}s:14:\"step2_numfield\";s:2:\"13\";}','a:2:{s:5:\"reset\";a:1:{s:5:\"label\";s:5:\"Clear\";}s:6:\"submit\";a:1:{s:5:\"label\";s:4:\"Send\";}}','info','hanlinlodge.co.za','Hanlin Lodge booking request','Thank you for your enquiry about Hanlin Lodge. We will contact you as soon as possible.\r\n\r\nRegards\r\n\r\nRetha\r\nHanlin Lodge','','width=\"95%\" bgcolor=\"#e7cc97\" align=\"center\" cellspacing=\"1\" cellpadding=\"3\" border=\"1\" style=\"color:#000000;text-align:left;border:3px solid #8f6f30;\"|#dbb363|#cfae6f');
REPLACE INTO rvs_online_form (rvs_onlineform_id,rvs_usr_id,project_page_id,project_id,online_form,step2_field,button,mailaccount,maildomain,mailsubject,thankmsg,mailbanedlist,onlineform_layout) VALUES ('d1d7d0cea5e5bbc3372eb891a82b3f19','e5f192991c50fd12bdabdf07cb1abc52','8b72f10be5b4deaa3cb7905e8ff6d5f8','','a:13:{i:0;a:5:{s:4:\"name\";s:10:\"First_Name\";s:4:\"type\";s:7:\"textbox\";s:9:\"seloption\";s:1:\"0\";s:5:\"title\";s:10:\"First Name\";s:8:\"property\";a:5:{s:10:\"char_width\";s:2:\"20\";s:9:\"max_width\";s:2:\"20\";s:8:\"init_val\";s:0:\"\";s:7:\"require\";s:1:\"1\";s:8:\"validate\";s:1:\"4\";}}i:1;a:5:{s:4:\"name\";s:7:\"Surname\";s:4:\"type\";s:7:\"textbox\";s:9:\"seloption\";s:1:\"0\";s:5:\"title\";s:7:\"Surname\";s:8:\"property\";a:5:{s:10:\"char_width\";s:2:\"20\";s:9:\"max_width\";s:2:\"20\";s:8:\"init_val\";s:0:\"\";s:7:\"require\";s:1:\"1\";s:8:\"validate\";s:1:\"4\";}}i:2;a:5:{s:4:\"name\";s:12:\"Phone_number\";s:4:\"type\";s:7:\"textbox\";s:9:\"seloption\";s:1:\"0\";s:5:\"title\";s:21:\"Telephone/Cell Number\";s:8:\"property\";a:5:{s:10:\"char_width\";s:2:\"20\";s:9:\"max_width\";s:2:\"20\";s:8:\"init_val\";s:0:\"\";s:7:\"require\";s:1:\"1\";s:8:\"validate\";s:1:\"3\";}}i:3;a:5:{s:4:\"name\";s:10:\"Fax_number\";s:4:\"type\";s:7:\"textbox\";s:9:\"seloption\";s:1:\"0\";s:5:\"title\";s:10:\"Fax Number\";s:8:\"property\";a:4:{s:10:\"char_width\";s:2:\"20\";s:9:\"max_width\";s:2:\"20\";s:8:\"init_val\";s:0:\"\";s:8:\"validate\";s:1:\"3\";}}i:4;a:5:{s:4:\"name\";s:5:\"Email\";s:4:\"type\";s:7:\"textbox\";s:9:\"seloption\";s:1:\"0\";s:5:\"title\";s:5:\"Email\";s:8:\"property\";a:5:{s:10:\"char_width\";s:2:\"30\";s:9:\"max_width\";s:0:\"\";s:8:\"init_val\";s:0:\"\";s:7:\"require\";s:1:\"1\";s:8:\"validate\";s:1:\"2\";}}i:5;a:5:{s:4:\"name\";s:14:\"Postal_Address\";s:4:\"type\";s:7:\"textbox\";s:9:\"seloption\";s:1:\"0\";s:5:\"title\";s:14:\"Postal Address\";s:8:\"property\";a:4:{s:10:\"char_width\";s:2:\"50\";s:9:\"max_width\";s:0:\"\";s:8:\"init_val\";s:0:\"\";s:8:\"validate\";s:1:\"5\";}}i:6;a:5:{s:4:\"name\";s:4:\"City\";s:4:\"type\";s:7:\"textbox\";s:9:\"seloption\";s:1:\"0\";s:5:\"title\";s:9:\"City/Town\";s:8:\"property\";a:4:{s:10:\"char_width\";s:2:\"20\";s:9:\"max_width\";s:0:\"\";s:8:\"init_val\";s:0:\"\";s:8:\"validate\";s:1:\"4\";}}i:7;a:5:{s:4:\"name\";s:11:\"Postal_code\";s:4:\"type\";s:7:\"textbox\";s:9:\"seloption\";s:1:\"0\";s:5:\"title\";s:11:\"Postal Code\";s:8:\"property\";a:4:{s:10:\"char_width\";s:1:\"6\";s:9:\"max_width\";s:0:\"\";s:8:\"init_val\";s:0:\"\";s:8:\"validate\";s:1:\"3\";}}i:8;a:5:{s:4:\"name\";s:5:\"Dates\";s:4:\"type\";s:7:\"textbox\";s:9:\"seloption\";s:1:\"0\";s:5:\"title\";s:14:\"Dates Required\";s:8:\"property\";a:5:{s:10:\"char_width\";s:2:\"30\";s:9:\"max_width\";s:0:\"\";s:8:\"init_val\";s:0:\"\";s:7:\"require\";s:1:\"1\";s:8:\"validate\";s:1:\"0\";}}i:9;a:5:{s:4:\"name\";s:6:\"People\";s:4:\"type\";s:7:\"textbox\";s:9:\"seloption\";s:1:\"0\";s:5:\"title\";s:16:\"Number of People\";s:8:\"property\";a:5:{s:10:\"char_width\";s:0:\"\";s:9:\"max_width\";s:0:\"\";s:8:\"init_val\";s:0:\"\";s:7:\"require\";s:1:\"1\";s:8:\"validate\";s:1:\"3\";}}i:10;a:5:{s:4:\"name\";s:6:\"Adults\";s:4:\"type\";s:7:\"textbox\";s:9:\"seloption\";s:1:\"0\";s:5:\"title\";s:25:\"Adults (14 yrs and older)\";s:8:\"property\";a:5:{s:10:\"char_width\";s:0:\"\";s:9:\"max_width\";s:0:\"\";s:8:\"init_val\";s:0:\"\";s:7:\"require\";s:1:\"1\";s:8:\"validate\";s:1:\"3\";}}i:11;a:5:{s:4:\"name\";s:8:\"Children\";s:4:\"type\";s:7:\"textbox\";s:9:\"seloption\";s:1:\"0\";s:5:\"title\";s:23:\"Children (specify ages)\";s:8:\"property\";a:5:{s:10:\"char_width\";s:0:\"\";s:9:\"max_width\";s:0:\"\";s:8:\"init_val\";s:0:\"\";s:7:\"require\";s:1:\"1\";s:8:\"validate\";s:1:\"0\";}}i:12;a:5:{s:5:\"title\";s:7:\"Request\";s:4:\"name\";s:7:\"Request\";s:4:\"type\";s:8:\"textarea\";s:9:\"seloption\";s:1:\"0\";s:8:\"property\";a:5:{s:10:\"char_width\";s:0:\"\";s:8:\"num_line\";s:0:\"\";s:8:\"init_val\";s:0:\"\";s:4:\"wrap\";s:7:\"Default\";s:8:\"validate\";s:1:\"0\";}}}','a:5:{s:4:\"name\";a:13:{i:0;s:10:\"First_Name\";i:1;s:7:\"Surname\";i:2;s:12:\"Phone_number\";i:3;s:10:\"Fax_number\";i:4;s:5:\"Email\";i:5;s:14:\"Postal_Address\";i:6;s:4:\"City\";i:7;s:11:\"Postal_code\";i:8;s:5:\"Dates\";i:9;s:6:\"People\";i:10;s:6:\"Adults\";i:11;s:8:\"Children\";i:12;s:7:\"Request\";}s:5:\"title\";a:13:{i:0;s:10:\"First Name\";i:1;s:7:\"Surname\";i:2;s:21:\"Telephone/Cell Number\";i:3;s:10:\"Fax Number\";i:4;s:5:\"Email\";i:5;s:14:\"Postal Address\";i:6;s:9:\"City/Town\";i:7;s:11:\"Postal Code\";i:8;s:14:\"Dates Required\";i:9;s:16:\"Number of People\";i:10;s:25:\"Adults (14 yrs and older)\";i:11;s:23:\"Children (specify ages)\";i:12;s:7:\"Request\";}s:4:\"type\";a:13:{i:0;s:7:\"textbox\";i:1;s:7:\"textbox\";i:2;s:7:\"textbox\";i:3;s:7:\"textbox\";i:4;s:7:\"textbox\";i:5;s:7:\"textbox\";i:6;s:7:\"textbox\";i:7;s:7:\"textbox\";i:8;s:7:\"textbox\";i:9;s:7:\"textbox\";i:10;s:7:\"textbox\";i:11;s:7:\"textbox\";i:12;s:8:\"textarea\";}s:9:\"seloption\";a:13:{i:0;s:1:\"0\";i:1;s:1:\"0\";i:2;s:1:\"0\";i:3;s:1:\"0\";i:4;s:1:\"0\";i:5;s:1:\"0\";i:6;s:1:\"0\";i:7;s:1:\"0\";i:8;s:1:\"0\";i:9;s:1:\"0\";i:10;s:1:\"0\";i:11;s:1:\"0\";i:12;s:1:\"0\";}s:14:\"step2_numfield\";s:2:\"13\";}','a:2:{s:5:\"reset\";a:1:{s:5:\"label\";s:5:\"Reset\";}s:6:\"submit\";a:1:{s:5:\"label\";s:6:\"Submit\";}}','','','','','',NULL);
REPLACE INTO rvs_online_form (rvs_onlineform_id,rvs_usr_id,project_page_id,project_id,online_form,step2_field,button,mailaccount,maildomain,mailsubject,thankmsg,mailbanedlist,onlineform_layout) VALUES ('6bef25aa006bf45b0cae581b5075a188','e5f192991c50fd12bdabdf07cb1abc52','8b72f10be5b4deaa3cb7905e8ff6d5f8','',NULL,'a:5:{s:4:\"name\";a:13:{i:0;s:4:\"Firs\";i:1;s:0:\"\";i:2;s:0:\"\";i:3;s:0:\"\";i:4;s:0:\"\";i:5;s:0:\"\";i:6;s:0:\"\";i:7;s:0:\"\";i:8;s:0:\"\";i:9;s:0:\"\";i:10;s:0:\"\";i:11;s:0:\"\";i:12;s:0:\"\";}s:5:\"title\";a:13:{i:0;s:10:\"First name\";i:1;s:0:\"\";i:2;s:0:\"\";i:3;s:0:\"\";i:4;s:0:\"\";i:5;s:0:\"\";i:6;s:0:\"\";i:7;s:0:\"\";i:8;s:0:\"\";i:9;s:0:\"\";i:10;s:0:\"\";i:11;s:0:\"\";i:12;s:0:\"\";}s:4:\"type\";a:13:{i:0;s:7:\"textbox\";i:1;s:7:\"textbox\";i:2;s:7:\"textbox\";i:3;s:7:\"textbox\";i:4;s:7:\"textbox\";i:5;s:7:\"textbox\";i:6;s:7:\"textbox\";i:7;s:7:\"textbox\";i:8;s:7:\"textbox\";i:9;s:7:\"textbox\";i:10;s:7:\"textbox\";i:11;s:7:\"textbox\";i:12;s:7:\"textbox\";}s:9:\"seloption\";a:13:{i:0;s:1:\"0\";i:1;s:1:\"0\";i:2;s:1:\"0\";i:3;s:1:\"0\";i:4;s:1:\"0\";i:5;s:1:\"0\";i:6;s:1:\"0\";i:7;s:1:\"0\";i:8;s:1:\"0\";i:9;s:1:\"0\";i:10;s:1:\"0\";i:11;s:1:\"0\";i:12;s:1:\"0\";}s:14:\"step2_numfield\";s:2:\"13\";}',NULL,'','','','','',NULL);
REPLACE INTO rvs_online_form (rvs_onlineform_id,rvs_usr_id,project_page_id,project_id,online_form,step2_field,button,mailaccount,maildomain,mailsubject,thankmsg,mailbanedlist,onlineform_layout) VALUES ('4704f05e670aeb9a356bf1454f925689','e5f192991c50fd12bdabdf07cb1abc52','8b72f10be5b4deaa3cb7905e8ff6d5f8','','a:13:{i:0;a:5:{s:4:\"name\";s:10:\"First_Name\";s:4:\"type\";s:7:\"textbox\";s:9:\"seloption\";s:1:\"0\";s:5:\"title\";s:10:\"First name\";s:8:\"property\";a:5:{s:10:\"char_width\";s:2:\"20\";s:9:\"max_width\";s:3:\"100\";s:8:\"init_val\";s:0:\"\";s:7:\"require\";s:1:\"1\";s:8:\"validate\";s:1:\"4\";}}i:1;a:5:{s:4:\"name\";s:7:\"Surname\";s:4:\"type\";s:7:\"textbox\";s:9:\"seloption\";s:1:\"0\";s:5:\"title\";s:7:\"Surname\";s:8:\"property\";a:5:{s:10:\"char_width\";s:2:\"30\";s:9:\"max_width\";s:3:\"100\";s:8:\"init_val\";s:0:\"\";s:7:\"require\";s:1:\"1\";s:8:\"validate\";s:1:\"4\";}}i:2;a:5:{s:4:\"name\";s:9:\"Telephone\";s:4:\"type\";s:7:\"textbox\";s:9:\"seloption\";s:1:\"0\";s:5:\"title\";s:21:\"Telephone/Cell Number\";s:8:\"property\";a:5:{s:10:\"char_width\";s:2:\"30\";s:9:\"max_width\";s:3:\"100\";s:8:\"init_val\";s:0:\"\";s:7:\"require\";s:1:\"1\";s:8:\"validate\";s:1:\"5\";}}i:3;a:5:{s:4:\"name\";s:5:\"Email\";s:4:\"type\";s:7:\"textbox\";s:9:\"seloption\";s:1:\"0\";s:5:\"title\";s:5:\"Email\";s:8:\"property\";a:5:{s:10:\"char_width\";s:2:\"30\";s:9:\"max_width\";s:3:\"100\";s:8:\"init_val\";s:0:\"\";s:7:\"require\";s:1:\"1\";s:8:\"validate\";s:1:\"2\";}}i:4;a:5:{s:4:\"name\";s:11:\"Fax__Number\";s:4:\"type\";s:7:\"textbox\";s:9:\"seloption\";s:1:\"0\";s:5:\"title\";s:10:\"Fax Number\";s:8:\"property\";a:4:{s:10:\"char_width\";s:2:\"20\";s:9:\"max_width\";s:3:\"100\";s:8:\"init_val\";s:0:\"\";s:8:\"validate\";s:1:\"3\";}}i:5;a:5:{s:4:\"name\";s:14:\"Postal_Address\";s:4:\"type\";s:7:\"textbox\";s:9:\"seloption\";s:1:\"0\";s:5:\"title\";s:14:\"Postal Address\";s:8:\"property\";a:4:{s:10:\"char_width\";s:2:\"50\";s:9:\"max_width\";s:3:\"100\";s:8:\"init_val\";s:0:\"\";s:8:\"validate\";s:1:\"0\";}}i:6;a:5:{s:4:\"name\";s:4:\"City\";s:4:\"type\";s:7:\"textbox\";s:9:\"seloption\";s:1:\"0\";s:5:\"title\";s:9:\"City/Town\";s:8:\"property\";a:4:{s:10:\"char_width\";s:2:\"20\";s:9:\"max_width\";s:3:\"100\";s:8:\"init_val\";s:0:\"\";s:8:\"validate\";s:1:\"0\";}}i:7;a:5:{s:4:\"name\";s:11:\"Postal_code\";s:4:\"type\";s:7:\"textbox\";s:9:\"seloption\";s:1:\"0\";s:5:\"title\";s:11:\"Postal Code\";s:8:\"property\";a:4:{s:10:\"char_width\";s:2:\"10\";s:9:\"max_width\";s:2:\"20\";s:8:\"init_val\";s:0:\"\";s:8:\"validate\";s:1:\"3\";}}i:8;a:5:{s:4:\"name\";s:6:\"People\";s:4:\"type\";s:7:\"textbox\";s:9:\"seloption\";s:1:\"0\";s:5:\"title\";s:16:\"Number of People\";s:8:\"property\";a:5:{s:10:\"char_width\";s:1:\"5\";s:9:\"max_width\";s:2:\"10\";s:8:\"init_val\";s:0:\"\";s:7:\"require\";s:1:\"1\";s:8:\"validate\";s:1:\"3\";}}i:9;a:5:{s:4:\"name\";s:6:\"Adults\";s:4:\"type\";s:7:\"textbox\";s:9:\"seloption\";s:1:\"0\";s:5:\"title\";s:25:\"Adults (14 yrs and older)\";s:8:\"property\";a:5:{s:10:\"char_width\";s:1:\"5\";s:9:\"max_width\";s:2:\"10\";s:8:\"init_val\";s:0:\"\";s:7:\"require\";s:1:\"1\";s:8:\"validate\";s:1:\"3\";}}i:10;a:5:{s:4:\"name\";s:8:\"Children\";s:4:\"type\";s:7:\"textbox\";s:9:\"seloption\";s:1:\"0\";s:5:\"title\";s:23:\"Children (specify ages)\";s:8:\"property\";a:5:{s:10:\"char_width\";s:2:\"20\";s:9:\"max_width\";s:3:\"100\";s:8:\"init_val\";s:0:\"\";s:7:\"require\";s:1:\"1\";s:8:\"validate\";s:1:\"0\";}}i:11;a:5:{s:4:\"name\";s:5:\"Dates\";s:4:\"type\";s:7:\"textbox\";s:9:\"seloption\";s:1:\"0\";s:5:\"title\";s:14:\"Dates Required\";s:8:\"property\";a:5:{s:10:\"char_width\";s:2:\"30\";s:9:\"max_width\";s:3:\"100\";s:8:\"init_val\";s:0:\"\";s:7:\"require\";s:1:\"1\";s:8:\"validate\";s:1:\"0\";}}i:12;a:5:{s:4:\"name\";s:7:\"Request\";s:4:\"type\";s:7:\"textbox\";s:9:\"seloption\";s:1:\"0\";s:5:\"title\";s:7:\"Request\";s:8:\"property\";a:4:{s:10:\"char_width\";s:2:\"30\";s:9:\"max_width\";s:3:\"300\";s:8:\"init_val\";s:0:\"\";s:8:\"validate\";s:1:\"0\";}}}','a:5:{s:4:\"name\";a:13:{i:0;s:10:\"First_Name\";i:1;s:7:\"Surname\";i:2;s:9:\"Telephone\";i:3;s:5:\"Email\";i:4;s:11:\"Fax__Number\";i:5;s:14:\"Postal_Address\";i:6;s:4:\"City\";i:7;s:11:\"Postal_code\";i:8;s:6:\"People\";i:9;s:6:\"Adults\";i:10;s:8:\"Children\";i:11;s:5:\"Dates\";i:12;s:7:\"Request\";}s:5:\"title\";a:13:{i:0;s:10:\"First name\";i:1;s:7:\"Surname\";i:2;s:21:\"Telephone/Cell Number\";i:3;s:5:\"Email\";i:4;s:10:\"Fax Number\";i:5;s:14:\"Postal Address\";i:6;s:9:\"City/Town\";i:7;s:11:\"Postal Code\";i:8;s:16:\"Number of People\";i:9;s:25:\"Adults (14 yrs and older)\";i:10;s:23:\"Children (specify ages)\";i:11;s:14:\"Dates Required\";i:12;s:7:\"Request\";}s:4:\"type\";a:13:{i:0;s:7:\"textbox\";i:1;s:7:\"textbox\";i:2;s:7:\"textbox\";i:3;s:7:\"textbox\";i:4;s:7:\"textbox\";i:5;s:7:\"textbox\";i:6;s:7:\"textbox\";i:7;s:7:\"textbox\";i:8;s:7:\"textbox\";i:9;s:7:\"textbox\";i:10;s:7:\"textbox\";i:11;s:7:\"textbox\";i:12;s:7:\"textbox\";}s:9:\"seloption\";a:13:{i:0;s:1:\"0\";i:1;s:1:\"0\";i:2;s:1:\"0\";i:3;s:1:\"0\";i:4;s:1:\"0\";i:5;s:1:\"0\";i:6;s:1:\"0\";i:7;s:1:\"0\";i:8;s:1:\"0\";i:9;s:1:\"0\";i:10;s:1:\"0\";i:11;s:1:\"0\";i:12;s:1:\"0\";}s:14:\"step2_numfield\";s:2:\"13\";}','a:2:{s:5:\"reset\";a:1:{s:5:\"label\";s:5:\"Reset\";}s:6:\"submit\";a:1:{s:5:\"label\";s:6:\"Submit\";}}','info','hanlinlodge.co.za','Booking request','Thank you we will reply to you as soon as possible','','width=\"95%\" bgcolor=\"#f0f0f0\" align=\"right\" cellspacing=\"1\" cellpadding=\"3\"  style=\"color:#000000;text-align:right;border:3px solid #ffffff;\"|#9f9f60|#af8f50');
REPLACE INTO rvs_online_form (rvs_onlineform_id,rvs_usr_id,project_page_id,project_id,online_form,step2_field,button,mailaccount,maildomain,mailsubject,thankmsg,mailbanedlist,onlineform_layout) VALUES ('e0410fefad288dae36e0243a2cebfd1a','e5f192991c50fd12bdabdf07cb1abc52','8b72f10be5b4deaa3cb7905e8ff6d5f8','','a:13:{i:0;a:5:{s:4:\"name\";s:10:\"First_Name\";s:4:\"type\";s:7:\"textbox\";s:9:\"seloption\";s:1:\"0\";s:5:\"title\";s:10:\"First Name\";s:8:\"property\";a:5:{s:10:\"char_width\";s:2:\"20\";s:9:\"max_width\";s:3:\"100\";s:8:\"init_val\";s:0:\"\";s:7:\"require\";s:1:\"1\";s:8:\"validate\";s:1:\"4\";}}i:1;a:5:{s:4:\"name\";s:7:\"Surname\";s:4:\"type\";s:7:\"textbox\";s:9:\"seloption\";s:1:\"0\";s:5:\"title\";s:7:\"Surname\";s:8:\"property\";a:5:{s:10:\"char_width\";s:2:\"20\";s:9:\"max_width\";s:3:\"100\";s:8:\"init_val\";s:0:\"\";s:7:\"require\";s:1:\"1\";s:8:\"validate\";s:1:\"4\";}}i:2;a:5:{s:4:\"name\";s:9:\"Telephone\";s:4:\"type\";s:7:\"textbox\";s:9:\"seloption\";s:1:\"0\";s:5:\"title\";s:21:\"Telephone/Cell Number\";s:8:\"property\";a:5:{s:10:\"char_width\";s:2:\"21\";s:9:\"max_width\";s:2:\"30\";s:8:\"init_val\";s:0:\"\";s:7:\"require\";s:1:\"1\";s:8:\"validate\";s:1:\"3\";}}i:3;a:5:{s:4:\"name\";s:5:\"Email\";s:4:\"type\";s:7:\"textbox\";s:9:\"seloption\";s:1:\"0\";s:5:\"title\";s:5:\"Email\";s:8:\"property\";a:5:{s:10:\"char_width\";s:2:\"30\";s:9:\"max_width\";s:3:\"100\";s:8:\"init_val\";s:0:\"\";s:7:\"require\";s:1:\"1\";s:8:\"validate\";s:1:\"2\";}}i:4;a:5:{s:4:\"name\";s:11:\"Fax__Number\";s:4:\"type\";s:7:\"textbox\";s:9:\"seloption\";s:1:\"0\";s:5:\"title\";s:10:\"Fax Number\";s:8:\"property\";a:4:{s:10:\"char_width\";s:2:\"10\";s:9:\"max_width\";s:2:\"30\";s:8:\"init_val\";s:0:\"\";s:8:\"validate\";s:1:\"0\";}}i:5;a:5:{s:4:\"name\";s:14:\"Postal_Address\";s:4:\"type\";s:7:\"textbox\";s:9:\"seloption\";s:1:\"0\";s:5:\"title\";s:14:\"Postal Address\";s:8:\"property\";a:4:{s:10:\"char_width\";s:2:\"30\";s:9:\"max_width\";s:3:\"100\";s:8:\"init_val\";s:0:\"\";s:8:\"validate\";s:1:\"0\";}}i:6;a:5:{s:4:\"name\";s:4:\"City\";s:4:\"type\";s:7:\"textbox\";s:9:\"seloption\";s:1:\"0\";s:5:\"title\";s:9:\"City/Town\";s:8:\"property\";a:4:{s:10:\"char_width\";s:2:\"20\";s:9:\"max_width\";s:2:\"30\";s:8:\"init_val\";s:0:\"\";s:8:\"validate\";s:1:\"4\";}}i:7;a:5:{s:4:\"name\";s:11:\"Postal_code\";s:4:\"type\";s:7:\"textbox\";s:9:\"seloption\";s:1:\"0\";s:5:\"title\";s:11:\"Postal Code\";s:8:\"property\";a:4:{s:10:\"char_width\";s:1:\"5\";s:9:\"max_width\";s:2:\"10\";s:8:\"init_val\";s:0:\"\";s:8:\"validate\";s:1:\"3\";}}i:8;a:5:{s:4:\"name\";s:6:\"People\";s:4:\"type\";s:7:\"textbox\";s:9:\"seloption\";s:1:\"0\";s:5:\"title\";s:16:\"Number of People\";s:8:\"property\";a:5:{s:10:\"char_width\";s:1:\"5\";s:9:\"max_width\";s:2:\"10\";s:8:\"init_val\";s:0:\"\";s:7:\"require\";s:1:\"1\";s:8:\"validate\";s:1:\"3\";}}i:9;a:5:{s:4:\"name\";s:6:\"Adults\";s:4:\"type\";s:7:\"textbox\";s:9:\"seloption\";s:1:\"0\";s:5:\"title\";s:25:\"Adults (14 yrs and older)\";s:8:\"property\";a:5:{s:10:\"char_width\";s:1:\"5\";s:9:\"max_width\";s:2:\"10\";s:8:\"init_val\";s:0:\"\";s:7:\"require\";s:1:\"1\";s:8:\"validate\";s:1:\"3\";}}i:10;a:5:{s:4:\"name\";s:8:\"Children\";s:4:\"type\";s:7:\"textbox\";s:9:\"seloption\";s:1:\"0\";s:5:\"title\";s:23:\"Children (specify ages)\";s:8:\"property\";a:4:{s:10:\"char_width\";s:2:\"20\";s:9:\"max_width\";s:2:\"30\";s:8:\"init_val\";s:0:\"\";s:8:\"validate\";s:1:\"5\";}}i:11;a:5:{s:4:\"name\";s:5:\"Dates\";s:4:\"type\";s:7:\"textbox\";s:9:\"seloption\";s:1:\"0\";s:5:\"title\";s:14:\"Dates Required\";s:8:\"property\";a:5:{s:10:\"char_width\";s:2:\"30\";s:9:\"max_width\";s:2:\"50\";s:8:\"init_val\";s:0:\"\";s:7:\"require\";s:1:\"1\";s:8:\"validate\";s:1:\"0\";}}i:12;a:5:{s:5:\"title\";s:75:\"Comments/Special Requirements (e.g. Type of function, do you need catering)\";s:4:\"name\";s:8:\"Comments\";s:4:\"type\";s:8:\"textarea\";s:9:\"seloption\";s:1:\"0\";s:8:\"property\";a:5:{s:10:\"char_width\";s:2:\"30\";s:8:\"num_line\";s:1:\"6\";s:8:\"init_val\";s:0:\"\";s:4:\"wrap\";s:7:\"Default\";s:8:\"validate\";s:1:\"0\";}}}','a:5:{s:4:\"name\";a:13:{i:0;s:10:\"First_Name\";i:1;s:7:\"Surname\";i:2;s:9:\"Telephone\";i:3;s:5:\"Email\";i:4;s:11:\"Fax__Number\";i:5;s:14:\"Postal_Address\";i:6;s:4:\"City\";i:7;s:11:\"Postal_code\";i:8;s:6:\"People\";i:9;s:6:\"Adults\";i:10;s:8:\"Children\";i:11;s:5:\"Dates\";i:12;s:8:\"Comments\";}s:5:\"title\";a:13:{i:0;s:10:\"First Name\";i:1;s:7:\"Surname\";i:2;s:21:\"Telephone/Cell Number\";i:3;s:5:\"Email\";i:4;s:10:\"Fax Number\";i:5;s:14:\"Postal Address\";i:6;s:9:\"City/Town\";i:7;s:11:\"Postal Code\";i:8;s:16:\"Number of People\";i:9;s:25:\"Adults (14 yrs and older)\";i:10;s:23:\"Children (specify ages)\";i:11;s:14:\"Dates Required\";i:12;s:75:\"Comments/Special Requirements (e.g. Type of function, do you need catering)\";}s:4:\"type\";a:13:{i:0;s:7:\"textbox\";i:1;s:7:\"textbox\";i:2;s:7:\"textbox\";i:3;s:7:\"textbox\";i:4;s:7:\"textbox\";i:5;s:7:\"textbox\";i:6;s:7:\"textbox\";i:7;s:7:\"textbox\";i:8;s:7:\"textbox\";i:9;s:7:\"textbox\";i:10;s:7:\"textbox\";i:11;s:7:\"textbox\";i:12;s:8:\"textarea\";}s:9:\"seloption\";a:13:{i:0;s:1:\"0\";i:1;s:1:\"0\";i:2;s:1:\"0\";i:3;s:1:\"0\";i:4;s:1:\"0\";i:5;s:1:\"0\";i:6;s:1:\"0\";i:7;s:1:\"0\";i:8;s:1:\"0\";i:9;s:1:\"0\";i:10;s:1:\"0\";i:11;s:1:\"0\";i:12;s:1:\"0\";}s:14:\"step2_numfield\";s:2:\"13\";}','a:2:{s:5:\"reset\";a:1:{s:5:\"label\";s:5:\"Reset\";}s:6:\"submit\";a:1:{s:5:\"label\";s:6:\"Submit\";}}','info','hanlinlodge.co.za','Availability and Quote request','Thank you, we will reply to you as soon as possible','','width=\"95%\" bgcolor=\"#f0f0f0\" align=\"center\" cellspacing=\"1\" cellpadding=\"3\"  style=\"color:#000000;text-align:left;border:3px solid #ffffff;\"|#f7f787|#bf9440');
REPLACE INTO rvs_online_form (rvs_onlineform_id,rvs_usr_id,project_page_id,project_id,online_form,step2_field,button,mailaccount,maildomain,mailsubject,thankmsg,mailbanedlist,onlineform_layout) VALUES ('db1474f30ce4bd6d56834647a5c70ae0','e5f192991c50fd12bdabdf07cb1abc52','bf8fa0739284845b64d3cab83e6ac34d','','a:5:{i:0;a:5:{s:4:\"name\";s:4:\"name\";s:4:\"type\";s:7:\"textbox\";s:9:\"seloption\";s:1:\"0\";s:5:\"title\";s:13:\"##Your Name##\";s:8:\"property\";a:5:{s:10:\"char_width\";s:2:\"20\";s:9:\"max_width\";s:3:\"100\";s:8:\"init_val\";s:0:\"\";s:7:\"require\";s:1:\"1\";s:8:\"validate\";s:1:\"0\";}}i:1;a:5:{s:4:\"name\";s:5:\"email\";s:4:\"type\";s:7:\"textbox\";s:9:\"seloption\";s:1:\"0\";s:5:\"title\";s:9:\"##Email##\";s:8:\"property\";a:5:{s:10:\"char_width\";s:2:\"20\";s:9:\"max_width\";s:3:\"100\";s:8:\"init_val\";s:0:\"\";s:7:\"require\";s:1:\"1\";s:8:\"validate\";s:1:\"2\";}}i:2;a:5:{s:4:\"name\";s:5:\"phone\";s:4:\"type\";s:7:\"textbox\";s:9:\"seloption\";s:1:\"0\";s:5:\"title\";s:9:\"##Phone##\";s:8:\"property\";a:4:{s:10:\"char_width\";s:2:\"15\";s:9:\"max_width\";s:2:\"50\";s:8:\"init_val\";s:0:\"\";s:8:\"validate\";s:1:\"0\";}}i:3;a:5:{s:4:\"name\";s:7:\"subject\";s:4:\"type\";s:7:\"textbox\";s:9:\"seloption\";s:1:\"0\";s:5:\"title\";s:11:\"##Subject##\";s:8:\"property\";a:5:{s:10:\"char_width\";s:2:\"30\";s:9:\"max_width\";s:3:\"200\";s:8:\"init_val\";s:18:\"##More detail...##\";s:7:\"require\";s:1:\"1\";s:8:\"validate\";s:1:\"0\";}}i:4;a:5:{s:5:\"title\";s:11:\"##Comment##\";s:4:\"name\";s:7:\"comment\";s:4:\"type\";s:8:\"textarea\";s:9:\"seloption\";s:1:\"0\";s:8:\"property\";a:5:{s:10:\"char_width\";s:2:\"30\";s:8:\"num_line\";s:1:\"6\";s:8:\"init_val\";s:0:\"\";s:4:\"wrap\";s:7:\"Default\";s:8:\"validate\";s:1:\"0\";}}}','a:5:{s:4:\"name\";a:5:{i:0;s:4:\"name\";i:1;s:5:\"email\";i:2;s:5:\"phone\";i:3;s:7:\"subject\";i:4;s:7:\"comment\";}s:5:\"title\";a:5:{i:0;s:13:\"##Your Name##\";i:1;s:9:\"##Email##\";i:2;s:9:\"##Phone##\";i:3;s:11:\"##Subject##\";i:4;s:11:\"##Comment##\";}s:4:\"type\";a:5:{i:0;s:7:\"textbox\";i:1;s:7:\"textbox\";i:2;s:7:\"textbox\";i:3;s:7:\"textbox\";i:4;s:8:\"textarea\";}s:9:\"seloption\";a:5:{i:0;s:1:\"0\";i:1;s:1:\"0\";i:2;s:1:\"0\";i:3;s:1:\"0\";i:4;s:1:\"0\";}s:14:\"step2_numfield\";s:1:\"5\";}','a:2:{s:5:\"reset\";a:1:{s:5:\"label\";s:9:\"##Clear##\";}s:6:\"submit\";a:1:{s:5:\"label\";s:8:\"##Send##\";}}','','','sss','thank you','','width=\"95%\" bgcolor=\"#f0f0f0\" align=\"center\" cellspacing=\"1\" cellpadding=\"3\"  style=\"text-align:left;border:0px solid solid;\"|#e3ebd3|#c7d7a7');
REPLACE INTO rvs_online_form (rvs_onlineform_id,rvs_usr_id,project_page_id,project_id,online_form,step2_field,button,mailaccount,maildomain,mailsubject,thankmsg,mailbanedlist,onlineform_layout) VALUES ('9fd9646c0e7dcec921924c05217503b1','e5f192991c50fd12bdabdf07cb1abc52','635fe9ea805bfdc7263b41f042579134','','a:5:{i:0;a:5:{s:4:\"name\";s:4:\"name\";s:4:\"type\";s:7:\"textbox\";s:9:\"seloption\";s:1:\"0\";s:5:\"title\";s:13:\"##Your Name##\";s:8:\"property\";a:5:{s:10:\"char_width\";s:2:\"20\";s:9:\"max_width\";s:3:\"100\";s:8:\"init_val\";s:0:\"\";s:7:\"require\";s:1:\"1\";s:8:\"validate\";s:1:\"0\";}}i:1;a:5:{s:4:\"name\";s:5:\"email\";s:4:\"type\";s:7:\"textbox\";s:9:\"seloption\";s:1:\"0\";s:5:\"title\";s:9:\"##Email##\";s:8:\"property\";a:5:{s:10:\"char_width\";s:2:\"20\";s:9:\"max_width\";s:3:\"100\";s:8:\"init_val\";s:0:\"\";s:7:\"require\";s:1:\"1\";s:8:\"validate\";s:1:\"2\";}}i:2;a:5:{s:4:\"name\";s:5:\"phone\";s:4:\"type\";s:7:\"textbox\";s:9:\"seloption\";s:1:\"0\";s:5:\"title\";s:9:\"##Phone##\";s:8:\"property\";a:4:{s:10:\"char_width\";s:2:\"15\";s:9:\"max_width\";s:2:\"50\";s:8:\"init_val\";s:0:\"\";s:8:\"validate\";s:1:\"0\";}}i:3;a:5:{s:4:\"name\";s:7:\"subject\";s:4:\"type\";s:7:\"textbox\";s:9:\"seloption\";s:1:\"0\";s:5:\"title\";s:11:\"##Subject##\";s:8:\"property\";a:5:{s:10:\"char_width\";s:2:\"30\";s:9:\"max_width\";s:3:\"200\";s:8:\"init_val\";s:18:\"##More detail...##\";s:7:\"require\";s:1:\"1\";s:8:\"validate\";s:1:\"0\";}}i:4;a:5:{s:5:\"title\";s:11:\"##Comment##\";s:4:\"name\";s:7:\"comment\";s:4:\"type\";s:8:\"textarea\";s:9:\"seloption\";s:1:\"0\";s:8:\"property\";a:5:{s:10:\"char_width\";s:2:\"30\";s:8:\"num_line\";s:1:\"6\";s:8:\"init_val\";s:0:\"\";s:4:\"wrap\";s:7:\"Default\";s:8:\"validate\";s:1:\"0\";}}}','a:5:{s:4:\"name\";a:5:{i:0;s:4:\"name\";i:1;s:5:\"email\";i:2;s:5:\"phone\";i:3;s:7:\"subject\";i:4;s:7:\"comment\";}s:5:\"title\";a:5:{i:0;s:13:\"##Your Name##\";i:1;s:9:\"##Email##\";i:2;s:9:\"##Phone##\";i:3;s:11:\"##Subject##\";i:4;s:11:\"##Comment##\";}s:4:\"type\";a:5:{i:0;s:7:\"textbox\";i:1;s:7:\"textbox\";i:2;s:7:\"textbox\";i:3;s:7:\"textbox\";i:4;s:8:\"textarea\";}s:9:\"seloption\";a:5:{i:0;s:1:\"0\";i:1;s:1:\"0\";i:2;s:1:\"0\";i:3;s:1:\"0\";i:4;s:1:\"0\";}s:14:\"step2_numfield\";s:1:\"5\";}','a:2:{s:5:\"reset\";a:1:{s:5:\"label\";s:9:\"##Clear##\";}s:6:\"submit\";a:1:{s:5:\"label\";s:8:\"##Send##\";}}','','','sss','thank you','','width=\"95%\" bgcolor=\"#f0f0f0\" align=\"center\" cellspacing=\"1\" cellpadding=\"3\"  style=\"text-align:left;border:0px solid solid;\"|#e3ebd3|#c7d7a7');
REPLACE INTO `rvs_project_page_out_seggestion` (`project_page_id`, `out_suggestion_id`) VALUES ('0fba352f3878516eb2237514bc6eb0fa', '18');
REPLACE INTO `rvs_project_page_out_seggestion` (`project_page_id`, `out_suggestion_id`) VALUES ('b55d9b25d61419389bc0a59389256ddc', '9');
REPLACE INTO `rvs_project_page_out_seggestion` (`project_page_id`, `out_suggestion_id`) VALUES ('4cb885dc42b866438ad3df43501ec34b', '16');
REPLACE INTO `rvs_project_page_out_seggestion` (`project_page_id`, `out_suggestion_id`) VALUES ('8b72f10be5b4deaa3cb7905e8ff6d5f8', '17');
REPLACE INTO `rvs_project_page_out_seggestion` (`project_page_id`, `out_suggestion_id`) VALUES ('bf8fa0739284845b64d3cab83e6ac34d', '5');
REPLACE INTO `rvs_project_page_out_seggestion` (`project_page_id`, `out_suggestion_id`) VALUES ('eafff237feb0eb038890c8419f978b09', '4');
REPLACE INTO `rvs_project_page_out_seggestion` (`project_page_id`, `out_suggestion_id`) VALUES ('635fe9ea805bfdc7263b41f042579134', '2');
REPLACE INTO `rvs_project_page_out_seggestion` (`project_page_id`, `out_suggestion_id`) VALUES ('a15ff2302cae7603a2dff98fefdd9631', '1');
REPLACE INTO `rvs_project_page_out_seggestion` (`project_page_id`, `out_suggestion_id`) VALUES ('9df535783f442151ba7ba3818b3d58d7', '');
REPLACE INTO `rvs_out_suggestion` (`out_suggestion_id`, `out_suggestion_name`, `description_keylang`) VALUES ('9', 'Contact Us@@Online_Form', '');
REPLACE INTO `rvs_out_suggestion` (`out_suggestion_id`, `out_suggestion_name`, `description_keylang`) VALUES ('16', 'Location', 'our suggestion Location description');
REPLACE INTO `rvs_out_suggestion` (`out_suggestion_id`, `out_suggestion_name`, `description_keylang`) VALUES ('17', 'Reservation', 'our suggestion Reservation description');
REPLACE INTO `rvs_out_suggestion` (`out_suggestion_id`, `out_suggestion_name`, `description_keylang`) VALUES ('5', 'Services', 'our suggestion Services description');
REPLACE INTO `rvs_out_suggestion` (`out_suggestion_id`, `out_suggestion_name`, `description_keylang`) VALUES ('4', 'Products', 'our suggestion Products description');
REPLACE INTO `rvs_out_suggestion` (`out_suggestion_id`, `out_suggestion_name`, `description_keylang`) VALUES ('2', 'About us', '');
REPLACE INTO `rvs_out_suggestion` (`out_suggestion_id`, `out_suggestion_name`, `description_keylang`) VALUES ('1', 'Home', '');
REPLACE INTO `rvs_picture` (`picture_id`, `picture_name`) VALUES ('cffb47ce570509e8e3e800c548116adf', 'DiyPicture');
REPLACE INTO rvs_project (project_id,project_info_id,rvs_usr_id,project_name,project_directory,utf8format) VALUES ('d2762a8d0e35bf1d37e541daac2bf34e','5d24a4a41c84c3b6cfae436f6910fb6b','e5f192991c50fd12bdabdf07cb1abc52','Hanlin Lodge','','1');
REPLACE INTO `rvs_project_info` (`project_info_id`, `template_item_id`, `font_id`, `navigator_id`, `rvs_category_id`, `charset_id`, `project_company`, `project_slogan`, `project_logo`, `project_title`, `project_keyword`, `project_description`, `project_domain`, `check_step`, `effect_site_enter`, `duration_site_enter`, `last_update`, `layout_template_id`, `i_pathway`, `i_mail`, `i_print`, `i_favorite`, `no_slogan`, `no_company_name`, `navigator_name_id`) VALUES ('5d24a4a41c84c3b6cfae436f6910fb6b', '00cdc4ee9005f456c59ef833b5186102', '12', '1d0037058cc9a31a9a8b8c7038d66b8a', '17', '17', '<h2>Hanlin Lodge</h2>', '<h4><strong>Become human again!</strong></h4>', 'NOPIC', 'Hanlin Lodge', 'Hanlin Lodge, Self-catering, accommodation, Modimolle, Nylstroom, Limpopo Province, Waterberg, wedding venue, weddings, conferences, breakaway, weekend, midweek, family holidays, fishing, nature walks, game drives, bass fishing, specials', 'Hanlin Lodge offers self-catering accommodation near Modimolle (Nylstroom) in the Waterberg region of the Limpopo Province, we also host weddings, conferences and  birthday parties, weekend breakaways and family get togethers. Bass fishing available.', 'hanlinlodge.co.za', '4', NULL, '1', '1331390544', '024063d90349d9de0446fe664c14592b', '1', '1', '1', '1', '0', '1', '3');
REPLACE INTO `rvs_project_layout_page` (`project_id`, `project_page_id`, `parent_project_page_id`, `priority`) VALUES ('d2762a8d0e35bf1d37e541daac2bf34e', '0fba352f3878516eb2237514bc6eb0fa', '0', '9');
REPLACE INTO `rvs_project_layout_page` (`project_id`, `project_page_id`, `parent_project_page_id`, `priority`) VALUES ('d2762a8d0e35bf1d37e541daac2bf34e', 'b55d9b25d61419389bc0a59389256ddc', '0', '8');
REPLACE INTO `rvs_project_layout_page` (`project_id`, `project_page_id`, `parent_project_page_id`, `priority`) VALUES ('d2762a8d0e35bf1d37e541daac2bf34e', '4cb885dc42b866438ad3df43501ec34b', '0', '7');
REPLACE INTO `rvs_project_layout_page` (`project_id`, `project_page_id`, `parent_project_page_id`, `priority`) VALUES ('d2762a8d0e35bf1d37e541daac2bf34e', '8b72f10be5b4deaa3cb7905e8ff6d5f8', '0', '6');
REPLACE INTO `rvs_project_layout_page` (`project_id`, `project_page_id`, `parent_project_page_id`, `priority`) VALUES ('d2762a8d0e35bf1d37e541daac2bf34e', 'bf8fa0739284845b64d3cab83e6ac34d', '0', '4');
REPLACE INTO `rvs_project_layout_page` (`project_id`, `project_page_id`, `parent_project_page_id`, `priority`) VALUES ('d2762a8d0e35bf1d37e541daac2bf34e', 'eafff237feb0eb038890c8419f978b09', '0', '3');
REPLACE INTO `rvs_project_layout_page` (`project_id`, `project_page_id`, `parent_project_page_id`, `priority`) VALUES ('d2762a8d0e35bf1d37e541daac2bf34e', '635fe9ea805bfdc7263b41f042579134', '0', '2');
REPLACE INTO `rvs_project_layout_page` (`project_id`, `project_page_id`, `parent_project_page_id`, `priority`) VALUES ('d2762a8d0e35bf1d37e541daac2bf34e', 'a15ff2302cae7603a2dff98fefdd9631', '0', '1');
REPLACE INTO `rvs_project_layout_page` (`project_id`, `project_page_id`, `parent_project_page_id`, `priority`) VALUES ('d2762a8d0e35bf1d37e541daac2bf34e', '9df535783f442151ba7ba3818b3d58d7', '0', '5');
REPLACE INTO rvs_project_page (project_page_id,rvs_usr_id,page_name,custom_page_name,rvs_component_id,page_data,page_data_zone_2,page_data_zone_3,page_data_zone_4,colume_width_1,colume_width_2,colume_width_3,rvs_layout_id,head,page_title,meta_keyword,meta_description,effect_page_enter,duration_page_enter,meta_page_effect,rvs_link_id,target,form_template_id,i_pathway,i_mail,i_print,i_favorite,last_modifier,link_active,page_type) VALUES ('0fba352f3878516eb2237514bc6eb0fa','e5f192991c50fd12bdabdf07cb1abc52','Whats on?','','0','<table class=\"rvFrame\" cellspacing=\"1\" cellpadding=\"1\" width=\"780\">\n<tbody>\n<tr>\n<td class=\"tdSolid\" valign=\"top\" width=\"100%\" colspan=\"3\">\n<div class=\"dashView\">\n<table cellspacing=\"0\" cellpadding=\"0\" width=\"100%\">\n<tbody>\n<tr>\n<td style=\"padding: 5px 0px\" valign=\"top\" colspan=\"2\">\n<h2 style=\"margin: 2px; font-size: 1.3em\"><font face=\"Arial\"><u><a title=\"Modimolle Tourism\" target=\"_blank\" href=\"http://www.modimolletourism.net\"><font color=\"#996600\" size=\"6\">Things to do in the area</font></a></u></font></h2></td></tr>\n<tr>\n<td style=\"padding: 5px\" valign=\"top\" colspan=\"2\" align=\"left\">\n<div><font color=\"#996600\" size=\"5\" face=\"Arial\">Contact Modimolle Tourism Office (014 7171818) or go to their </font><font size=\"5\" face=\"Arial\"><a title=\"Modimolle Tourism\" href=\"http://www.modimolletourism.net/what_to_do.html\"><font color=\"#996600\">website</font></a></font><font color=\"#996600\" size=\"5\" face=\"Arial\">&nbsp;for more information on what is happening in our area.</font></div></td></tr></tbody></table></div></td></tr>\n<tr>\n<td class=\"tdSolid\" valign=\"top\" width=\"100%\">\n<div class=\"dashView\">\n<table cellspacing=\"0\" cellpadding=\"5\" width=\"917\" height=\"565\">\n<tbody>\n<tr>\n<td style=\"padding: 5px 0px\" valign=\"top\" colspan=\"3\">\n<h2 style=\"margin: 2px; font-size: 1.3em\"><font face=\"Arial\"><u><font color=\"#996600\" size=\"6\">Future events in the region</font></u></font></h2></td></tr>\n<tr>\n<td style=\"padding: 5px\" valign=\"top\" colspan=\"3\">\n<div><font color=\"#996600\" size=\"5\" face=\"Arial\"><a title=\"Druiwefees\" target=\"_blank\" href=\"http://www.druiwefees.co.za\">Waterberg Druiwefees</a> Nylstroom (Modimolle), 5-7 January 2012 at the old Commando Terrain<br />\n</font></div>\n<div><font color=\"#996600\" size=\"5\"></font>&nbsp;</div>\n<div><font color=\"#996600\" size=\"5\">Kurt Darren <a title=\"\" href=\"http://www.innibosveld.co.za/\">Innibosveld</a> Show, 17 &amp;18 February 2012, on his farm near Naboomspruit (Mookgophong). </font></div>\n<div><font color=\"#996600\" size=\"5\"></font>&nbsp;</div>\n<div>&nbsp;</div>\n<div><font color=\"#996600\" size=\"4\" face=\"Arial\">&nbsp;</font></div></td></tr>\n<tr>\n<td valign=\"top\" width=\"33%\" align=\"center\">\n<div>\n<div><font color=\"#996600\" size=\"5\" face=\"Arial\">&nbsp;<br />\n</font></div></div>\n<div><font size=\"5\" face=\"Arial\"><strong><font color=\"#996600\">&nbsp;</font></strong></font></div>\n<div><font size=\"5\" face=\"Arial\"><strong><font color=\"#996600\"></font></strong></font>&nbsp;</div>\n<div>\n<div><font size=\"5\" face=\"Arial\"><strong><font color=\"#996600\">&nbsp;</font></strong></font></div></div>\n<div>\n<div>&nbsp;</div></div>\n<div>\n<div>&nbsp;</div></div>\n<div>\n<div>&nbsp;</div></div>\n<div>\n<div>&nbsp;</div></div>\n<div>\n<div>&nbsp;</div></div>\n<div>\n<div>&nbsp;</div></div>\n<div><font size=\"5\" face=\"Arial\"><strong><font color=\"#996600\"></font></strong></font>&nbsp;</div></td>\n<td valign=\"top\" align=\"center\">\n<div></div>\n<div><font size=\"5\" face=\"Arial\"><strong><font color=\"#996600\"></font></strong></font>&nbsp;</div></td>\n<div><font color=\"#996600\" size=\"5\" face=\"Arial\">&nbsp;</font></div>\n<div></div>\n<td valign=\"top\" align=\"center\">\n<div><font size=\"5\" face=\"Arial\"><strong><font color=\"#996600\">&nbsp;</font></strong></font></div></td>\n<td valign=\"top\" align=\"center\">\n<div>\n<div><font size=\"5\" face=\"Arial\"><span></span></font></div></div>\n<div><font color=\"#996600\"><font size=\"5\"><font face=\"Arial\"><strong></strong></font></font></font>&nbsp;</div></td></tr>\n<tr>\n<td colspan=\"3\" align=\"right\"><strong></strong><br />\n</td></tr></tbody></table></div></td></tr></tbody></table>',NULL,NULL,NULL,NULL,NULL,NULL,'1','','','','',NULL,'1','','','','',NULL,NULL,NULL,NULL,'1316779948',NULL,NULL);
REPLACE INTO rvs_project_page (project_page_id,rvs_usr_id,page_name,custom_page_name,rvs_component_id,page_data,page_data_zone_2,page_data_zone_3,page_data_zone_4,colume_width_1,colume_width_2,colume_width_3,rvs_layout_id,head,page_title,meta_keyword,meta_description,effect_page_enter,duration_page_enter,meta_page_effect,rvs_link_id,target,form_template_id,i_pathway,i_mail,i_print,i_favorite,last_modifier,link_active,page_type) VALUES ('b55d9b25d61419389bc0a59389256ddc','e5f192991c50fd12bdabdf07cb1abc52','Contact Us','Contact Us','1e16a5404b06d1f21accc48ad11690ae','<div>&nbsp;</div>\n<div>&nbsp;</div>\n<div align=\"left\"><font size=\"6\" face=\"Arial\"><strong><font color=\"#996600\">HANLIN LODGE</font></strong></font></div>\n<div align=\"left\"><font size=\"6\" face=\"Arial\"><strong><font color=\"#996600\">Tel: &nbsp;+27&nbsp;14&nbsp;7920785&nbsp; &nbsp;&nbsp;&nbsp;&nbsp;&nbsp;&nbsp;&nbsp; <br />\n</font></strong></font></div>\n<div align=\"left\"><font size=\"6\" face=\"Arial\"><strong><font color=\"#996600\">Cell: &nbsp;+&nbsp;27&nbsp;082&nbsp;901 9769&nbsp; &nbsp;&nbsp;&nbsp;&nbsp;&nbsp;&nbsp; &nbsp;</font></strong></font></div>\n<div align=\"left\"><font size=\"6\" face=\"Arial\"><strong><font color=\"#996600\">Fax: +27 86 626 5981</font></strong></font></div>\n<div align=\"left\"><font size=\"6\" face=\"Arial\"><a href=\"&#109;&#97;&#105;&#108;&#116;&#111;&#58;&#105;&#110;&#102;&#111;&#64;&#104;&#97;&#110;&#108;&#105;&#110;&#108;&#111;&#100;&#103;&#101;&#46;&#99;&#111;&#46;&#122;&#97;\"><strong><font color=\"#996600\">&#105;&#110;&#102;&#111;&#64;&#104;&#97;&#110;&#108;&#105;&#110;&#108;&#111;&#100;&#103;&#101;&#46;&#99;&#111;&#46;&#122;&#97;</font></strong></a></font></div>\n<div align=\"left\"><font color=\"#996600\" size=\"6\" face=\"Arial\">&nbsp;</font></div>\n<div align=\"left\"><font size=\"6\" face=\"Arial\"><strong><font color=\"#996600\">PO Box 2615</font></strong></font></div>\n<div align=\"left\"><font size=\"6\" face=\"Arial\"><strong><font color=\"#996600\">Modimolle</font></strong></font></div>\n<div align=\"left\"><font size=\"6\" face=\"Arial\"><strong><font color=\"#996600\">0510</font></strong></font></div>\n<div><font color=\"#996600\" size=\"6\" face=\"Arial\">&nbsp;</font></div>\n<div><font color=\"#996600\" size=\"6\" face=\"Arial\"><strong>You will need a gate code to visit us.</strong>&nbsp;</font></div>\n<div><font color=\"#836b3c\" size=\"6\" face=\"Arial\">&nbsp;</font></div>',NULL,NULL,NULL,NULL,NULL,NULL,'1','','','','',NULL,'1','','','_self','7ba75bc1ed8e59572046abbec73ac669',NULL,NULL,NULL,NULL,'1316780199',NULL,NULL);
REPLACE INTO rvs_project_page (project_page_id,rvs_usr_id,page_name,custom_page_name,rvs_component_id,page_data,page_data_zone_2,page_data_zone_3,page_data_zone_4,colume_width_1,colume_width_2,colume_width_3,rvs_layout_id,head,page_title,meta_keyword,meta_description,effect_page_enter,duration_page_enter,meta_page_effect,rvs_link_id,target,form_template_id,i_pathway,i_mail,i_print,i_favorite,last_modifier,link_active,page_type) VALUES ('4cb885dc42b866438ad3df43501ec34b','e5f192991c50fd12bdabdf07cb1abc52','Map','Map & Directions','0','<span lang=\"EN-GB\"><font color=\"#836b3c\" size=\"3\" face=\"Times New Roman\"></font>\r\n<div style=\"margin: 0cm 0cm 0pt; text-align: center\" class=\"MsoNormal\" align=\"center\"><span></span></div>\r\n<div style=\"margin: 0cm 0cm 0pt; text-align: center\" class=\"MsoNormal\" align=\"center\"><font face=\"Arial\"><span><font color=\"#996600\" size=\"6\"><strong>Map &amp; Directions </strong></font></span></font></div>\r\n<div style=\"margin: 0cm 0cm 0pt; text-align: center\" class=\"MsoNormal\" align=\"center\"><font face=\"Arial\"><span style=\"font-family: Geneva; color: #836b3c; font-size: 9pt\" lang=\"EN-GB\"></span></font></div>\r\n<div style=\"margin: 0cm 0cm 0pt; text-align: center\" class=\"MsoNormal\" align=\"center\"><font face=\"Arial\"><span style=\"font-family: Geneva; color: #836b3c; font-size: 9pt\" lang=\"EN-GB\"><font color=\"#996600\" size=\"3\"><img style=\"width: 316px; height: 277px\" title=\"Hanlin Lodge Gate\" alt=\"Hanlin Lodge Gate\" src=\"/3rdparty/rvsitebuilder/project/d2762a8d0e35bf1d37e541daac2bf34e/images/Hanlin_gate.jpg\" align=\"middle\" border=\"2\" width=\"316\" height=\"277\" /></font></span></font></div>\r\n<div style=\"margin: 0cm 0cm 0pt; text-align: center\" class=\"MsoNormal\" align=\"center\"><font color=\"#996600\" face=\"Arial\"><span style=\"font-family: Geneva; color: #836b3c; font-size: 9pt\" lang=\"EN-GB\"></span><span style=\"font-family: Geneva; color: #7a4700; font-size: 9pt\" lang=\"EN-GB\"></span></font></div>\r\n<p style=\"margin: 0cm 0cm 0pt; text-align: center\" class=\"MsoNormal\" align=\"center\"><font face=\"Arial\"><span><font color=\"#996600\" size=\"4\"><strong>GPS reading for the gate: </strong></font></span></font></p>\r\n<p style=\"margin: 0cm 0cm 0pt; text-align: center\" class=\"MsoNormal\" align=\"center\"><font face=\"Arial\"><span><font color=\"#996600\" size=\"4\"><strong>24º 50\' 10.28&quot; S </strong></font></span></font></p>\r\n<p style=\"margin: 0cm 0cm 0pt; text-align: center\" class=\"MsoNormal\" align=\"center\"><font face=\"Arial\"><span><font color=\"#996600\" size=\"4\"><strong>28º 37\' 10.84&quot; E </strong></font></span></font></p>\r\n<p style=\"margin: 0cm 0cm 0pt; text-align: center\" class=\"MsoNormal\" align=\"center\"><font size=\"4\" face=\"Arial\"><font color=\"#996600\"><span style=\"color: #836b3c\" lang=\"EN-GB\"></span><span style=\"color: #7a4700\" lang=\"EN-GB\"></span></font></font></p></span>\r\n<div><font face=\"Arial\"><span lang=\"EN-GB\">\r\n<div style=\"margin: 0cm 0cm 10pt\" class=\"MsoNormal\" align=\"center\"><span><font color=\"#996600\" size=\"4\"><strong>&nbsp;</strong></font></span></div>\r\n<div style=\"margin: 0cm 0cm 10pt\" class=\"MsoNormal\" align=\"center\"><span><font size=\"4\"><font color=\"#996600\"><strong>From Gauteng</strong> follow the N1 North to the Kranskop tollgate. Take the Modimolle/Nylstroom turn-off to the left of the tollgate. On top of the bridge, turn right (back over the N1 Highway) towards Marble Hall. Follow the R33 for approximately 17 km.* </font></font></span></div></span></font></div><font face=\"Arial\"><span lang=\"EN-GB\">\r\n<p style=\"margin: 0cm 0cm 10pt\" class=\"MsoNormal\" align=\"center\"><font size=\"4\"><font color=\"#996600\"><span><strong>From Modimolle/Nylstroom</strong> follow the R33 (towards Marble Hall) for 27 km. *</span><span style=\"color: #7a4700\" lang=\"EN-GB\"> </span></font></font></p>\r\n<p style=\"margin: 0cm 0cm 10pt\" class=\"MsoNormal\" align=\"center\"><span><font size=\"4\"><font color=\"#996600\"><strong>From Bela-Bela/Warmbaths</strong> follow the Eersbewoond road up to the R33 (Marble Hall road). Turn right on the R33.* </font></font></span></p></span></font>\r\n<div><font face=\"Arial\"><span lang=\"EN-GB\">\r\n<div style=\"margin: 0cm 0cm 10pt\" class=\"MsoNormal\" align=\"center\"><font size=\"4\"><font color=\"#996600\"><span><strong>* Hanlin Lodge&#8217;s </strong>entrance is on your left, it is about 800 meters after the second Holme Park turnoff.&nbsp;</span><span style=\"color: #7a4700\" lang=\"EN-GB\"> </span></font></font></div></span></font></div><font face=\"Arial\"><span lang=\"EN-GB\">\r\n<div align=\"center\"><font size=\"3\"><font color=\"#996600\"><span lang=\"EN-GB\"><span></span></span></font></font></div>\r\n<div style=\"margin: 0cm 0cm 10pt\" class=\"MsoNormal\"><span><span></span></span></div></span></font>\r\n<div align=\"center\"><font face=\"Arial\"><span lang=\"EN-GB\">\r\n<div style=\"margin: 0cm 0cm 10pt\" class=\"MsoNormal\"><span></span><font color=\"#996600\"><img title=\"\" alt=\"\" src=\"/3rdparty/rvsitebuilder/project/d2762a8d0e35bf1d37e541daac2bf34e/images/Padkaart.jpg\" border=\"3\" width=\"851\" height=\"584\" /></font></div></span></font><br />\r\n<span lang=\"EN-GB\"></span></div>',NULL,NULL,NULL,NULL,NULL,NULL,'0','','','Self-catering, accommodation, Modimolle,\r\nNylstroom, Waterberg, Limpopo Province','Self-catering accommodation near\r\nModimolle (Nylstroom), Waterberg region, in the Limpopo\r\nProvince',NULL,'1','','','','',NULL,NULL,NULL,NULL,'1263795805',NULL,NULL);
REPLACE INTO rvs_project_page (project_page_id,rvs_usr_id,page_name,custom_page_name,rvs_component_id,page_data,page_data_zone_2,page_data_zone_3,page_data_zone_4,colume_width_1,colume_width_2,colume_width_3,rvs_layout_id,head,page_title,meta_keyword,meta_description,effect_page_enter,duration_page_enter,meta_page_effect,rvs_link_id,target,form_template_id,i_pathway,i_mail,i_print,i_favorite,last_modifier,link_active,page_type) VALUES ('8b72f10be5b4deaa3cb7905e8ff6d5f8','e5f192991c50fd12bdabdf07cb1abc52','Booking Request','Booking Request','0','<div align=\"center\"><strong><font color=\"#836b3c\" face=\"Verdana\" size=\"4\"></font></strong></div>\n<div align=\"center\">&nbsp;</div>\n<div align=\"center\"><font face=\"Arial\"><strong><font color=\"#996600\" size=\"6\">Please complete&nbsp;and submit this form&nbsp;to us!</font></strong></font></div>\n<div align=\"center\">&nbsp;</div>\n<div align=\"center\">&nbsp;</div>\n<div align=\"center\"><img id=\"onlineform_e0410fefad288dae36e0243a2cebfd1a\" name=\"onlineform_e0410fefad288dae36e0243a2cebfd1a\" alt=\"\" src=\"/3rdparty/rvsitebuilder/themes/default/sitebuilder/images/layout_onlineform.jpg\" border=\"1\" width=\"330\" height=\"110\" /><br />\n<br /><br />\n<br /></div>\n<div><br />\n&nbsp;</div>\n<div>&nbsp;</div>\n<div>&nbsp;</div>\n<div>&nbsp;</div>',NULL,NULL,NULL,NULL,NULL,NULL,'1','','','','',NULL,'1','','','','',NULL,NULL,NULL,NULL,'1292752266',NULL,NULL);
REPLACE INTO rvs_project_page (project_page_id,rvs_usr_id,page_name,custom_page_name,rvs_component_id,page_data,page_data_zone_2,page_data_zone_3,page_data_zone_4,colume_width_1,colume_width_2,colume_width_3,rvs_layout_id,head,page_title,meta_keyword,meta_description,effect_page_enter,duration_page_enter,meta_page_effect,rvs_link_id,target,form_template_id,i_pathway,i_mail,i_print,i_favorite,last_modifier,link_active,page_type) VALUES ('bf8fa0739284845b64d3cab83e6ac34d','e5f192991c50fd12bdabdf07cb1abc52','Weddings & Functions','Weddings & Functions','0','<font color=\"#836b3c\"></font>\n<div style=\"margin: 0cm 0cm 0pt; text-align: center\" class=\"MsoNormal\" align=\"center\"><font face=\"Arial\"><span style=\"color: #836b3c; font-family: Geneva; font-size: 18pt\" lang=\"EN-GB\"><font color=\"#996600\" size=\"6\"><strong>FUNCTIONS &amp; WEDDINGS</strong></font></span></font></div>\n<div style=\"margin: 0cm 0cm 0pt; text-align: center\" class=\"MsoNormal\" align=\"center\"><font face=\"Arial\"><span style=\"color: #836b3c; font-family: Geneva; font-size: 18pt\" lang=\"EN-GB\"></span>&nbsp;</font></div>\n<div style=\"margin: 0cm 0cm 0pt; text-align: center\" class=\"MsoNormal\" align=\"center\"><font size=\"4\" face=\"Arial\"><span style=\"color: #836b3c; font-family: Geneva; font-size: 18pt\" lang=\"EN-GB\"><font color=\"#996600\">We cater for all functions big and small, from weddings to birthday parties. </font></span></font></div>\n<p style=\"margin: 0cm 0cm 0pt; text-align: center\" class=\"MsoNormal\" align=\"center\"><font size=\"4\" face=\"Arial\"><span style=\"color: #836b3c; font-family: Geneva; font-size: 18pt\" lang=\"EN-GB\"><font color=\"#996600\">&nbsp; </font></span></font></p>\n<p style=\"margin: 0cm 0cm 0pt; text-align: center\" class=\"MsoNormal\" align=\"center\"><font size=\"4\" face=\"Arial\"><span style=\"color: #836b3c; font-family: Geneva; font-size: 18pt\" lang=\"EN-GB\"><font color=\"#996600\">Our hall can easily seat 160 people, while the chapel seats 160 comfortably. </font></span></font></p>\n<div style=\"margin: 0cm 0cm 0pt; text-align: center\" class=\"MsoNormal\" align=\"center\"><font size=\"4\" face=\"Arial\"><span style=\"color: #836b3c; font-family: Geneva; font-size: 18pt\" lang=\"EN-GB\"></span></font><font color=\"#996600\" size=\"4\" face=\"Arial\">&nbsp;</font></div>\n<div style=\"margin: 0cm 0cm 0pt; text-align: center\" class=\"MsoNormal\" align=\"center\"><font size=\"4\" face=\"Arial\"><span style=\"color: #836b3c; font-family: Geneva; font-size: 18pt\" lang=\"EN-GB\"><font color=\"#996600\"><strong>Viewing of the venue on prior appointment only!</strong></font></span></font></div>\n<div style=\"margin: 0cm 0cm 0pt; text-align: center\" class=\"MsoNormal\" align=\"center\"><font size=\"4\" face=\"Arial\"><span style=\"color: #836b3c; font-family: Geneva; font-size: 18pt\" lang=\"EN-GB\"></span></font><font color=\"#996600\" size=\"4\" face=\"Arial\">&nbsp;</font></div>\n<div style=\"margin: 0cm 0cm 0pt; text-align: center\" class=\"MsoNormal\" align=\"center\"><font size=\"4\" face=\"Arial\"><span style=\"color: #836b3c; font-family: Geneva; font-size: 18pt\" lang=\"EN-GB\"><strong><font color=\"#996600\">We work on&nbsp;a set fee per person which will include the food and venue as well as everthing in our&nbsp;</font></strong></span></font><font size=\"4\" face=\"Arial\"><span style=\"color: #836b3c; font-family: Geneva; font-size: 18pt\" lang=\"EN-GB\"><strong><font color=\"#996600\"><a title=\"\" target=\"null\" href=\"/3rdparty/rvsitebuilder/project/d2762a8d0e35bf1d37e541daac2bf34e/documents/Basic_package_weddings2012.pdf\">Basic&nbsp;Wedding and Function Package.</a></font><font color=\"#996600\">&nbsp;&nbsp;</font></strong></span></font></div>\n<div style=\"margin: 0cm 0cm 0pt; text-align: center\" class=\"MsoNormal\" align=\"center\"><font color=\"#996600\" size=\"4\" face=\"Arial\"><span style=\"color: #836b3c; font-family: Geneva; font-size: 18pt\" lang=\"EN-GB\"></span></font><font color=\"#996600\" size=\"4\" face=\"Arial\"><span style=\"color: #836b3c; font-family: Geneva; font-size: 18pt\" lang=\"EN-GB\"><strong></strong></span></font>&nbsp;</div><font size=\"4\" face=\"Arial\"><span style=\"color: #836b3c; font-family: Geneva; font-size: 18pt\" lang=\"EN-GB\"><font color=\"#996600\"><font color=\"#ff0000\"><strong><font size=\"4\" face=\"Arial\">\n<div style=\"margin: 0cm 0cm 0pt; text-align: center\" class=\"MsoNormal\" align=\"center\"> </div></font></strong></font></font></span></font>\n<p style=\"margin: 0cm 0cm 0pt; text-align: center\" class=\"MsoNormal\" align=\"center\"><font size=\"4\" face=\"Arial\"><span style=\"color: #836b3c; font-family: Geneva; font-size: 18pt\" lang=\"EN-GB\"><img id=\"flash_3|fb01blue.swf\" class=\"onlineFlash\" border=\"1\" name=\"flash_3|fb01blue.swf\" alt=\"\" width=\"468\" height=\"60\" src=\"/3rdparty/rvsitebuilder/themes/default/sitebuilder/images/layouttemplate/024063d90349d9de0446fe664c14592b/space.gif\" /><font size=\"4\" face=\"Arial\"></font></span></font></p><font size=\"4\" face=\"Arial\"><font size=\"4\" face=\"Arial\">\n<div align=\"center\">&nbsp;</div></font>\n<div align=\"center\"></div></font>\n<div align=\"center\"><font size=\"4\" face=\"Arial\"><span style=\"color: #836b3c; font-family: Geneva; font-size: 18pt\" lang=\"EN-GB\"><a title=\"Contact us\" href=\"http://www.hanlinlodge.co.za/Booking-Request.php\"><font color=\"#996600\"><strong>Contact us</strong></font></a><font color=\"#996600\"><strong> <span style=\"color: #836b3c; font-family: Geneva; font-size: 18pt\" lang=\"EN-GB\"><font color=\"#996600\">or complete the <a title=\"\" target=\"null\" href=\"/3rdparty/rvsitebuilder/project/d2762a8d0e35bf1d37e541daac2bf34e/documents/Function_Checklist_2012.xls\">check list</a> and submit it for a personalised quotation</font></span></strong></font></span></font><font size=\"4\" face=\"Arial\"><span style=\"color: #836b3c; font-family: Geneva; font-size: 18pt\" lang=\"EN-GB\"><font color=\"#996600\"><span style=\"color: #836b3c; font-family: Geneva; font-size: 18pt\" lang=\"EN-GB\"><strong>.</strong></span></font></span></font></div>\n<div align=\"center\"><font size=\"4\" face=\"Arial\"><span style=\"color: #836b3c; font-family: Geneva; font-size: 18pt\" lang=\"EN-GB\"><font color=\"#996600\"><span style=\"color: #836b3c; font-family: Geneva; font-size: 18pt\" lang=\"EN-GB\"></span></font></span></font>&nbsp;</div>\n<div align=\"center\"><font face=\"Arial\"><span style=\"color: #836b3c; font-family: Geneva; font-size: 18pt\" lang=\"EN-GB\"><span style=\"color: #836b3c; font-family: Geneva; font-size: 18pt\" lang=\"EN-GB\"><span style=\"color: #836b3c; font-family: Geneva; font-size: 18pt\" lang=\"EN-GB\"><span style=\"color: #836b3c; font-family: Geneva; font-size: 18pt\" lang=\"EN-GB\"><span style=\"color: #836b3c; font-family: Geneva; font-size: 18pt\" lang=\"EN-GB\"></span></span></span></span></span>&nbsp;</font></div>\n<div align=\"center\"><font color=\"#996600\" size=\"5\" face=\"Arial\">&nbsp;</font></div>\n<div align=\"center\"><font face=\"Arial\"><span style=\"color: #836b3c; font-family: Geneva; font-size: 18pt\" lang=\"EN-GB\"><span style=\"color: #836b3c; font-family: Geneva; font-size: 18pt\" lang=\"EN-GB\"></span></span><span style=\"color: #836b3c; font-family: Geneva; font-size: 18pt\" lang=\"EN-GB\"></span></font><font color=\"#996600\" face=\"Arial\">&nbsp;</font></div>\n<div align=\"center\"><font color=\"#996600\" size=\"5\" face=\"Arial\"><img style=\"width: 220px; height: 186px; margin-right: 5px; margin-left: 5px\" title=\"Weddings\" border=\"3\" alt=\"Weddings\" width=\"220\" height=\"186\" src=\"/3rdparty/rvsitebuilder/project/d2762a8d0e35bf1d37e541daac2bf34e/documents/Wedding.jpg\" /><img style=\"width: 144px; height: 186px; margin-right: 5px; margin-left: 5px\" title=\"Chapel\" border=\"3\" alt=\"Chapel inside\" width=\"144\" height=\"186\" src=\"/3rdparty/rvsitebuilder/project/d2762a8d0e35bf1d37e541daac2bf34e/images/Inside_chapel2.jpg\" /><img style=\"width: 220px; height: 185px\" title=\"Birthdays\" border=\"3\" alt=\"Birthdays\" width=\"220\" height=\"185\" src=\"/3rdparty/rvsitebuilder/project/d2762a8d0e35bf1d37e541daac2bf34e/documents/Birthday.jpg\" /></font></div>\n<div align=\"center\"><font size=\"5\" face=\"Arial\"></font><font color=\"#996600\">&nbsp;</font></div>\n<div align=\"center\"><font size=\"5\"></font>&nbsp;</div>',NULL,NULL,NULL,NULL,NULL,NULL,'1','','','','',NULL,'1','','','','',NULL,NULL,NULL,NULL,'1327866676',NULL,NULL);
REPLACE INTO rvs_project_page (project_page_id,rvs_usr_id,page_name,custom_page_name,rvs_component_id,page_data,page_data_zone_2,page_data_zone_3,page_data_zone_4,colume_width_1,colume_width_2,colume_width_3,rvs_layout_id,head,page_title,meta_keyword,meta_description,effect_page_enter,duration_page_enter,meta_page_effect,rvs_link_id,target,form_template_id,i_pathway,i_mail,i_print,i_favorite,last_modifier,link_active,page_type) VALUES ('eafff237feb0eb038890c8419f978b09','e5f192991c50fd12bdabdf07cb1abc52','Accommodation','Accommodation','0','<div><font face=\"Arial\"><strong><font color=\"#996600\" size=\"6\"><span style=\"font-weight: bold\">What we offer! </span></font></strong></font><font face=\"Arial\"><strong><font color=\"#ef1010\" size=\"6\"><span style=\"font-weight: bold\">See Specials Below!</span></font></strong></font></div>\n<div>&nbsp;</div>\n<table class=\"rvFrame\" cellspacing=\"1\" cellpadding=\"1\" width=\"780\">\n<tbody>\n<tr>\n<td class=\"tdSolid\" valign=\"top\" colspan=\"3\" align=\"left\"><font face=\"Arial\"><font size=\"3\"><font color=\"#836b3c\"><span style=\"color: #836b3c; font-family: Verdana\" lang=\"EN-GB\">\n<div style=\"margin: 0cm 0cm 0pt\" class=\"MsoNormal\"><font color=\"#996600\"><font size=\"4\"><font color=\"#996600\"><span style=\"color: #836b3c; font-family: Verdana\" lang=\"EN-GB\"><font color=\"#996600\">Hanlin Lodge has three (3) Chalets and a Honeymoon suite. Each chalet</font> <font color=\"#996600\">can accommodate 6 people in two comfortable air-conditioned rooms and a double pull-out divan in the living room and has two bathrooms. </font><font color=\"#996600\">Each chalet is comprehensively equipped for every self-catering need and has its own</font></span><span style=\"color: #996b3d; font-family: Verdana\" lang=\"EN-GB\"> </span></font><span style=\"color: #836b3c; font-family: Verdana\" lang=\"EN-GB\"><font color=\"#996600\">braai area.</font> <font color=\"#996600\">The honeymoon suite is situated a bit away from the other 3&nbsp;chalets and has a single room with a large bath with a stunning&nbsp;view over the bush, and an outside shower.</font></span></font></font></div></span></font>\n<div style=\"margin: 0cm 0cm 0pt\" class=\"MsoNormal\">&nbsp;</div></font>\n<div style=\"margin: 0cm 0cm 0pt\" class=\"MsoNormal\"></div></font>\n<div style=\"margin: 0cm 0cm 0pt\" class=\"MsoNormal\"><font face=\"Arial\"><font size=\"3\"><font color=\"#996600\"><img style=\"margin: 5px\" title=\"Honeymoon suite\" border=\"3\" alt=\"Honeymoon suite\" align=\"bottom\" width=\"220\" height=\"180\" src=\"/3rdparty/rvsitebuilder/project/d2762a8d0e35bf1d37e541daac2bf34e/images/Honeymoon800x600.jpg\" /><img style=\"margin: 5px\" title=\"Lounge\" border=\"3\" alt=\"Lounge\" align=\"bottom\" width=\"220\" height=\"180\" src=\"/3rdparty/rvsitebuilder/project/d2762a8d0e35bf1d37e541daac2bf34e/images/Lounge.jpg\" /><img style=\"margin: 5px\" title=\"Pool view\" border=\"3\" alt=\"Pool view\" align=\"bottom\" width=\"223\" height=\"181\" src=\"/3rdparty/rvsitebuilder/project/d2762a8d0e35bf1d37e541daac2bf34e/images/View_over_pool.jpg\" /></font></font></font></div>\n<div style=\"margin: 0cm 0cm 0pt\" class=\"MsoNormal\"></div>\n<div style=\"margin: 0cm 0cm 0pt\" class=\"MsoNormal\" align=\"justify\"><font color=\"#996600\" face=\"Arial\"><strong><font size=\"4\"><font size=\"5\"></font></font></strong></font>&nbsp;<font color=\"#996600\" face=\"Arial\"><strong><font size=\"4\"><font size=\"5\">Additional accommodation on the farm</font></font></strong></font></div>\n<div style=\"margin: 0cm 0cm 0pt\" class=\"MsoNormal\" align=\"justify\"><font color=\"#996600\" face=\"Arial\"><font style=\"font-size: small\"><span style=\"color: #836b3c; font-family: Verdana\" lang=\"EN-GB\"><font size=\"4\"><font color=\"#996600\">We recently renovated an old farm house to provide additional accommodation. The Gatehouse is located near the gate, about 3 km from the main lodge. It offers two double bedrooms and one bathroom with a bath. The open plan kitchen, lounge and dining area can accommodate another 2 to 4 people. It is equipped for self-catering and has a real home feeling.&nbsp;Roof fans keep it cool</font><font color=\"#996600\">.</font></font></span></font></font></div><font color=\"#996600\"></font>\n<div style=\"margin: 0cm 0cm 0pt\" class=\"MsoNormal\" align=\"justify\"><font face=\"Arial\"><font style=\"font-size: small\" size=\"4\"><span style=\"color: #836b3c; font-family: Verdana\" lang=\"EN-GB\"></span></font></font><font color=\"#996600\">&nbsp;</font></div><font color=\"#996600\"></font>\n<div style=\"margin: 0cm 0cm 0pt\" class=\"MsoNormal\" align=\"justify\"><font face=\"Arial\"><font style=\"font-size: small\" color=\"#996600\" size=\"4\"><span style=\"color: #836b3c; font-family: Verdana\" lang=\"EN-GB\"><img style=\"margin: 5px\" title=\"Gatehouse\" border=\"3\" alt=\"Gatehouse\" align=\"bottom\" width=\"220\" height=\"188\" src=\"/3rdparty/rvsitebuilder/project/d2762a8d0e35bf1d37e541daac2bf34e/images/Gatehouse_front.jpg\" /><img style=\"margin: 5px; width: 208px; height: 188px\" title=\"Lounge\" border=\"3\" alt=\"Lounge\" align=\"bottom\" width=\"208\" height=\"188\" src=\"/3rdparty/rvsitebuilder/project/d2762a8d0e35bf1d37e541daac2bf34e/images/GHLounge.jpg\" /><img style=\"margin: 5px; width: 227px; height: 187px\" title=\"Bedroom\" border=\"3\" alt=\"Bedroom\" align=\"bottom\" width=\"227\" height=\"187\" src=\"/3rdparty/rvsitebuilder/project/d2762a8d0e35bf1d37e541daac2bf34e/images/GHBedroom.jpg\" /></span></font></font></div><font color=\"#996600\"></font>\n<div style=\"margin: 0cm 0cm 0pt\" class=\"MsoNormal\" align=\"center\"><strong><font color=\"#996600\" size=\"5\" face=\"Arial\"></font></strong>&nbsp;</div>\n<div style=\"margin: 0cm 0cm 0pt\" class=\"MsoNormal\" align=\"center\"><font color=\"#996600\" face=\"Arial\"><strong><font size=\"4\"><font size=\"5\">All <font color=\"#996600\"><span style=\"color: black\"><font color=\"#996600\">Hanlin</font></span> Lodge\'s</font> accommodation is self-catering accommodation</font></font></strong></font></div><font color=\"#996600\" face=\"Arial\"></font>\n<div class=\"dashView\">\n<ul><font face=\"Arial\"><font color=\"#996600\" size=\"3\"><span lang=\"EN-GB\">\n<li style=\"margin: 0cm 0cm 0pt; color: #7a4700\" class=\"MsoNormal\"><span style=\"color: #836b3c; font-family: Verdana\" lang=\"EN-GB\"><font size=\"4\"><font color=\"#996600\">A 50% deposit</font> <font color=\"#996600\">is required to secure a booking. Should you cancel your booking with us within two weeks or less before</font> <font color=\"#996600\">your arrival date, you will forfeit your total deposit otherwise a 10% handling fee will be charged</font>.</font></span></li></span></font></font></ul></div>\n<div class=\"dashView\"></div>\n<div class=\"dashView\">\n<table cellspacing=\"0\" cellpadding=\"3\" width=\"100%\">\n<tbody>\n<tr>\n<td valign=\"top\" width=\"99%\" align=\"left\">\n<div style=\"margin: 3px; font-size: 1.2em\"><font size=\"4\" face=\"Arial\"><font color=\"#996600\"><strong><font size=\"5\">Costs:</font></strong></font></font><font color=\"#996600\" size=\"5\" face=\"Arial\"> </font></div>\n<ul style=\"list-style-type: square\">\n<li><font face=\"Arial\"><font size=\"4\"><font color=\"#996600\"><span lang=\"EN-GB\"><span lang=\"EN-GB\"><span lang=\"EN-GB\">&nbsp;Adults @ R 300 per person per night.</span></span></span></font></font></font></li>\n<li><font face=\"Arial\"><font size=\"4\"><font color=\"#996600\"><span lang=\"EN-GB\"><span lang=\"EN-GB\"><span lang=\"EN-GB\">&nbsp;Pre-school children stays for free.</span></span></span></font></font></font></li>\n<li>\n<div style=\"margin: 3px; font-size: 1.2em\"><font face=\"Arial\"><span lang=\"EN-GB\"><span lang=\"EN-GB\"><span lang=\"EN-GB\"><span lang=\"EN-GB\"><font size=\"4\"><font color=\"#996600\"><span lang=\"EN-GB\">Primary</span> school children @ R240. </font></font></span></span></span></span></font></div></li>\n<li>\n<div style=\"margin: 3px; font-size: 1.2em\"><font face=\"Arial\"><font size=\"4\"><font color=\"#996600\"><span lang=\"EN-GB\"><span lang=\"EN-GB\"><span lang=\"EN-GB\"><span lang=\"EN-GB\">High school children, students and adults pay full price.</span></span></span></span></font></font></font></div></li>\n<li>\n<div style=\"margin: 3px; font-size: 1.2em\"><font face=\"Arial\"><span lang=\"EN-GB\"><span lang=\"EN-GB\"><span lang=\"EN-GB\"><span lang=\"EN-GB\"><font size=\"3\"><font color=\"#996600\"><font size=\"4\">Pensioners pay 20% less during mid-weeks out of season.</font> </font></font></span></span></span></span></font></div></li>\n<li>\n<div style=\"margin: 3px; font-size: 1.2em\"><font color=\"#996600\" size=\"3\" face=\"Arial\"><span lang=\"EN-GB\"><span lang=\"EN-GB\"><span lang=\"EN-GB\"><span lang=\"EN-GB\">Gatehouse: R250 per person per night, primary school children @ R200 per night</span></span></span></span></font></div></li></ul>\n<div style=\"margin: 3px; font-size: 1.2em\"></div>\n<h1><span lang=\"EN-GB\"><span lang=\"EN-GB\"><span lang=\"EN-GB\"><span lang=\"EN-GB\"><font style=\"font-size: 36px\" color=\"#df2020\">Specials!!</font></span></span></span></span></h1></td></tr><font style=\"font-size: large\"></font>\n<tr><font style=\"font-size: large\"></font>\n<td valign=\"top\" align=\"left\">\n<blockquote style=\"margin-right: 0px\" dir=\"ltr\">\n<div>&nbsp;</div></blockquote></td></tr></tbody></table></div></td></tr></tbody></table>\n<blockquote>\n<div><span><font style=\"font-size: large\" color=\"#000000\"><strong>May Madness</strong></font></span></div>\n<p style=\"margin: 0cm 0cm 0pt; color: #7a4700\" class=\"MsoNormal\"><span><font style=\"font-size: large\" color=\"#000000\"><strong>Valid: 01 May 2012 to 31 May 2012</strong></font></span></p>\n<p style=\"margin: 0cm 0cm 0pt; color: #7a4700\" class=\"MsoNormal\"><span><font style=\"font-size: large\"></font></span>&nbsp;</p>\n<p style=\"margin: 0cm 0cm 0pt; color: #7a4700\" class=\"MsoNormal\"><span><font style=\"font-size: large\" color=\"#ef1010\">20% discount on regular prices, for a minimum of 2 nights stay, midweek, Monday to Thursday.</font></span></p></blockquote><font style=\"font-size: large\"></font>\n<div><span lang=\"EN-GB\"><font size=\"2\"><span lang=\"EN-GB\"></span></font></span><span lang=\"EN-GB\"><span lang=\"EN-GB\"><font size=\"+0\"><span lang=\"EN-GB\"><font size=\"2\"><span lang=\"EN-GB\"></span></font></span></font></span></span><font style=\"font-size: large\"></font>\n<li><br />\n<font style=\"font-size: large\"></font></li></div>\n<div><span lang=\"EN-GB\"><span lang=\"EN-GB\"><span lang=\"EN-GB\"><span lang=\"EN-GB\"></span></span></span></span><font color=\"#836b3c\" size=\"3\" face=\"Verdana\"></font></div>\n<div><span lang=\"EN-GB\"><font face=\"Times New Roman\"><span lang=\"EN-GB\"><font face=\"Times New Roman\"><font size=\"+0\"><span lang=\"EN-GB\"><font size=\"2\"><font face=\"Times New Roman\"><span lang=\"EN-GB\"></span></font></font></span></font></font></span></font></span><font color=\"#836b3c\"></font></div>\n<div><span lang=\"EN-GB\"><font face=\"Times New Roman\"><span lang=\"EN-GB\"><font face=\"Times New Roman\"><font size=\"+0\"><span lang=\"EN-GB\"><font size=\"2\"><font face=\"Times New Roman\"><span lang=\"EN-GB\"></span></font></font></span></font></font></span></font></span></div>\n<div><span lang=\"EN-GB\"><font size=\"2\" face=\"Times New Roman\"><span lang=\"EN-GB\"><font size=\"2\" face=\"Times New Roman\"><font size=\"4\"><span lang=\"EN-GB\"></span></font></font></span></font></span></div>',NULL,NULL,NULL,NULL,NULL,NULL,'1','','','Self-catering, air-conditioned, accommodation, wedding and function venue.','Hanlin Lodge offers luxtury self-catering accommodation for up to 20 people, which complements our wedding and function venue as well as the chapel.',NULL,'1','','','','',NULL,NULL,NULL,NULL,'1331357617',NULL,NULL);
REPLACE INTO rvs_project_page (project_page_id,rvs_usr_id,page_name,custom_page_name,rvs_component_id,page_data,page_data_zone_2,page_data_zone_3,page_data_zone_4,colume_width_1,colume_width_2,colume_width_3,rvs_layout_id,head,page_title,meta_keyword,meta_description,effect_page_enter,duration_page_enter,meta_page_effect,rvs_link_id,target,form_template_id,i_pathway,i_mail,i_print,i_favorite,last_modifier,link_active,page_type) VALUES ('635fe9ea805bfdc7263b41f042579134','e5f192991c50fd12bdabdf07cb1abc52','About us','About Us','0','<table class=\"rvFrame\" cellspacing=\"1\" cellpadding=\"1\" width=\"780\">\n<tbody>\n<tr>\n<td class=\"tdSolid\" valign=\"top\" align=\"left\">\n<div class=\"dashView\">\n<table cellspacing=\"0\" cellpadding=\"5\" width=\"100%\">\n<tbody>\n<div><font size=\"2\" face=\"Georgia\"><span style=\"color: black; font-family: Verdana; font-size: 10pt\" lang=\"EN-GB\"><font color=\"#836b3c\">&nbsp;</font></span></font></div>\n<p style=\"margin: 0cm 0cm 0pt; text-align: justify\" class=\"MsoNormal\"><font size=\"2\" face=\"Arial\"><font color=\"#836b3c\"><strong><font color=\"#996600\" size=\"6\">ON OFFER </font></strong></font></font></p>\n<div style=\"margin: 0cm 0cm 0pt; text-align: justify\" class=\"MsoNormal\"><font size=\"2\" face=\"Arial\"><font color=\"#836b3c\"><font color=\"#996600\" size=\"4\"></font>&nbsp;</font></font></div>\n<div style=\"margin: 0cm 0cm 0pt; text-align: justify\" class=\"MsoNormal\"><font size=\"2\" face=\"Arial\"><font color=\"#836b3c\"><font color=\"#996600\" size=\"4\">The three luxury wooden self-catering chalets and the honeymoon suite are all&nbsp;located on the dam wall.&nbsp;During the hot summer days guests can relax in or next to&nbsp;the swimming pool. Fishing is allowed (catch and release for larger fish) and can even be done from the comfort of your own private veranda or the dam wall. Bait fishing, artificial lure-fishing&nbsp; and fly fishing can be practiced, with tilapia making easy targets even for children and the black bass putting up a magnificent fight for the more skilled fisherman (and woman).&nbsp;The variety of game (impala, giraffe, red hartebeest, zebra, blesbuck, waterbuchk&nbsp;and warthog)&nbsp;and more than <a title=\"Bird List\" target=\"_blank\" href=\"/3rdparty/rvsitebuilder/project/d2762a8d0e35bf1d37e541daac2bf34e/documents/BirdList.pdf\">156 recorded bird species</a> ensures a pleasant walk or game drive on the farm. Clay target shooting can be arranged on site. Visitors are welcome to bring mountain bikes for the sandy roads&nbsp;and even canoes to play on the dam.</font></font></font></div>\n<div style=\"margin: 0cm 0cm 0pt; text-align: justify\" class=\"MsoNormal\"><font size=\"2\" face=\"Arial\"><font color=\"#836b3c\"><font color=\"#996600\" size=\"4\">&nbsp;</font></font></font></div>\n<div style=\"margin: 0cm 0cm 0pt; text-align: justify\" class=\"MsoNormal\"><font size=\"2\" face=\"Arial\"><font color=\"#836b3c\"><font color=\"#996600\" size=\"4\">We cater for&nbsp;functions such as birthdays and anniversaries, as well as weddings and conferences, bookings in advance. DSTV is provided in the TV room for all those not-to-be-missed sporting events and other programs.</font></font></font></div>\n<div style=\"margin: 0cm 0cm 0pt; text-align: justify\" class=\"MsoNormal\"><font size=\"2\" face=\"Arial\"><font color=\"#836b3c\"><font color=\"#996600\" size=\"4\"></font>&nbsp;</font></font></div>\n<div style=\"margin: 0cm 0cm 0pt; text-align: justify\" class=\"MsoNormal\"><font size=\"2\" face=\"Arial\"><font color=\"#836b3c\"><strong><font color=\"#996600\" size=\"6\">A&nbsp;BIT MORE ABOUT HANLIN LODGE</font></strong></font></font></div>\n<div style=\"margin: 0cm 0cm 0pt; text-align: justify\" class=\"MsoNormal\"><font size=\"2\" face=\"Arial\"><font color=\"#836b3c\"><strong><font color=\"#996600\" size=\"6\"></font></strong>&nbsp;</font></font></div>\n<div style=\"margin: 0cm 0cm 0pt; text-align: justify\" class=\"MsoNormal\"><font size=\"2\" face=\"Arial\"><font color=\"#836b3c\"><font color=\"#996600\"><img style=\"margin: 5px\" title=\"View of Pool\" border=\"3\" alt=\"\" align=\"left\" width=\"220\" height=\"192\" src=\"/3rdparty/rvsitebuilder/project/d2762a8d0e35bf1d37e541daac2bf34e/images/View_over_pool.jpg\" /><font size=\"4\">Situated&nbsp;amongst lush Bushveld in the Waterberg area, Hanlin Lodge was established to give&nbsp;visitors who enjoy nature the opportunity to relax in comfort in Bushveld surroundings. Our core concept is to&nbsp;offer guests the opportunity to take that much needed break from the hectic demands of today’s lifestyle. We offer you a place to give your overloaded senses a break, where you can still see sunrises, sunsets and stars.</font></font></font></font></div>\n<div style=\"margin: 0cm 0cm 0pt; text-align: justify\" class=\"MsoNormal\"><font size=\"2\" face=\"Arial\"><font color=\"#836b3c\">&nbsp; <br />\n</font></font></div>\n<div style=\"margin: 0cm 0cm 0pt; text-align: justify\" class=\"MsoNormal\"><font size=\"2\" face=\"Arial\"><font color=\"#836b3c\"><font color=\"#996600\" size=\"4\">The&nbsp;lodge was opened during 2007 and consists of 4 chalets and an&nbsp;open-plan function hall, built overlooking a&nbsp;dam on two sides. The hall caters for weddings and functions for up to 160 people and is perfectly designed to be pleasant during both the warm summers and cooler winter times. </font></font></font></div>\n<div style=\"margin: 0cm 0cm 0pt; text-align: justify\" class=\"MsoNormal\"><font size=\"2\" face=\"Arial\"><font color=\"#836b3c\"><font color=\"#996600\" size=\"4\"></font>&nbsp;</font></font></div>\n<div style=\"margin: 0cm 0cm 0pt; text-align: justify\" class=\"MsoNormal\"><font size=\"2\" face=\"Arial\"><font color=\"#836b3c\"><font color=\"#996600\" size=\"4\">Both <a title=\"Bird List\" target=\"_blank\" href=\"/3rdparty/rvsitebuilder/project/d2762a8d0e35bf1d37e541daac2bf34e/documents/BirdList.pdf\">water and Bushveld birds</a> can be watched from the comfort of your chalet\'s deck and in the late afternoons and evenings guests&nbsp;may see various game species coming to drink in the flood-lit area next to the dam, while fish and turtles feast on insects on the water surface. </font></font></font></div>\n<div style=\"margin: 0cm 0cm 0pt; text-align: justify\" class=\"MsoNormal\"><font size=\"2\" face=\"Arial\"><font color=\"#836b3c\"><font color=\"#996600\" size=\"4\">&nbsp;</font></font></font></div>\n<div style=\"margin: 0cm 0cm 0pt; text-align: justify\" class=\"MsoNormal\"><font size=\"2\" face=\"Arial\"><font color=\"#836b3c\"><font color=\"#996600\" size=\"4\">A fully licensed bar,&nbsp;&nbsp;well equipped kitchen with state-of-the-art sound equipment ensure that every function will be a most enjoyable affair.</font></font></font></div>\n<div style=\"margin: 0cm 0cm 0pt; text-align: justify\" class=\"MsoNormal\"><font size=\"2\" face=\"Arial\"><font color=\"#836b3c\"><font color=\"#996600\" size=\"4\">&nbsp;</font></font></font></div>\n<div style=\"margin: 0cm 0cm 0pt; text-align: justify\" class=\"MsoNormal\"><font size=\"2\" face=\"Arial\"><font color=\"#836b3c\"><font color=\"#996600\" size=\"4\">For weddings a secluded bush chapel&nbsp;is available a short walk from the function venue. The terrain and the farm offer excellent photographic opportunities. </font></font></font></div>\n<div style=\"margin: 0cm 0cm 0pt; text-align: justify\" class=\"MsoNormal\"><font size=\"2\" face=\"Arial\"><font color=\"#836b3c\"><font color=\"#996600\" size=\"4\"></font>&nbsp;</font></font></div><font size=\"2\" face=\"Arial\"><font color=\"#836b3c\"></font></font>\n<div style=\"margin: 0cm 0cm 0pt; text-align: justify\" class=\"MsoNormal\"><font size=\"2\" face=\"Arial\"><font color=\"#996600\"><font size=\"4\"><img style=\"margin-right: 5px; margin-left: 5px\" title=\"Sunset \" border=\"3\" alt=\"Marula on the plain\" width=\"220\" height=\"180\" src=\"/3rdparty/rvsitebuilder/project/d2762a8d0e35bf1d37e541daac2bf34e/documents/Marula.jpg\" /><img style=\"width: 220px; height: 179px; margin-right: 5px; margin-left: 5px\" title=\"Chapel\" border=\"3\" alt=\"Chapel\" width=\"220\" height=\"179\" src=\"/3rdparty/rvsitebuilder/project/d2762a8d0e35bf1d37e541daac2bf34e/documents/Chapel_reflection.jpg\" /><img style=\"margin-right: 5px; margin-left: 5px\" title=\"Pool\" border=\"3\" alt=\"Pool\" width=\"220\" height=\"180\" src=\"/3rdparty/rvsitebuilder/project/d2762a8d0e35bf1d37e541daac2bf34e/documents/028.jpg\" /></font></font></font></div>\n<div style=\"margin: 0cm 0cm 0pt; text-align: justify\" class=\"MsoNormal\"><font size=\"2\" face=\"Arial\"><font color=\"#996600\"><font size=\"4\"></font></font>&nbsp;</font></div>\n<div style=\"margin: 0cm 0cm 0pt; text-align: justify\" class=\"MsoNormal\"><font size=\"2\" face=\"Arial\"><font color=\"#996600\"><font size=\"4\">Included in each wedding package is a romantic honeymoon suite set apart from the other chalets. It features a large&nbsp;corner bath with a 270 degree bush view as well as an outdoor shower and unforgettable view over the water.</font>&nbsp;</font></font></div>\n<div style=\"margin: 0cm 0cm 0pt; text-align: justify\" class=\"MsoNormal\"><font size=\"2\" face=\"Georgia\"><font color=\"#996600\"></font>&nbsp;</font></div>\n<div style=\"margin: 0cm 0cm 0pt; text-align: justify\" class=\"MsoNormal\"><font size=\"2\" face=\"Georgia\">&nbsp;</font></div>\n<div style=\"margin: 0cm 0cm 0pt; text-align: justify\" class=\"MsoNormal\"><font size=\"2\" face=\"Georgia\"><font color=\"#996600\"><img style=\"margin-right: 5px; margin-left: 5px\" title=\"Chalets\" border=\"3\" alt=\"\" width=\"220\" height=\"190\" src=\"/3rdparty/rvsitebuilder/project/d2762a8d0e35bf1d37e541daac2bf34e/images/Chalets_and_fontain.jpg\" /><img style=\"width: 226px; height: 189px; margin-right: 5px; margin-left: 5px\" title=\"Entance\" border=\"3\" alt=\"Entance\" width=\"226\" height=\"189\" src=\"/3rdparty/rvsitebuilder/project/d2762a8d0e35bf1d37e541daac2bf34e/images/Hanlin_gate.jpg\" />&nbsp;<img style=\"width: 214px; height: 187px\" title=\"Zebras\" border=\"3\" alt=\"Zebras\" width=\"214\" height=\"187\" src=\"/3rdparty/rvsitebuilder/project/d2762a8d0e35bf1d37e541daac2bf34e/images/Zebras.jpg\" /></font></font></div>\n<p style=\"margin: 0cm 0cm 0pt; text-align: justify\" class=\"MsoNormal\"><font size=\"2\" face=\"Georgia\">&nbsp;</font></p>\n<div style=\"margin: 0cm 0cm 0pt; text-align: justify\" class=\"MsoNormal\"><font size=\"2\" face=\"Georgia\">&nbsp;</font></div><font size=\"2\" face=\"Georgia\"></font>\n<div style=\"text-align: justify\"><font size=\"2\" face=\"Georgia\"><span style=\"color: black; font-family: Verdana; font-size: 10pt\" lang=\"EN-GB\">\n<div>&nbsp;</div></span></font></div>\n<tr>\n<td height=\"20\" colspan=\"3\">\n<div>&nbsp;</div></td></tr></tbody></table></div></td></tr>\n<tr>\n<td class=\"tdSolid\" valign=\"top\" align=\"left\">\n<div class=\"dashView\"></div><br />\n</td></tr></tbody></table>',NULL,NULL,NULL,NULL,NULL,NULL,'1','','','','',NULL,'1','','','','',NULL,NULL,NULL,NULL,'1316779685',NULL,NULL);
REPLACE INTO rvs_project_page (project_page_id,rvs_usr_id,page_name,custom_page_name,rvs_component_id,page_data,page_data_zone_2,page_data_zone_3,page_data_zone_4,colume_width_1,colume_width_2,colume_width_3,rvs_layout_id,head,page_title,meta_keyword,meta_description,effect_page_enter,duration_page_enter,meta_page_effect,rvs_link_id,target,form_template_id,i_pathway,i_mail,i_print,i_favorite,last_modifier,link_active,page_type) VALUES ('a15ff2302cae7603a2dff98fefdd9631','e5f192991c50fd12bdabdf07cb1abc52','Home','','0','<div>\n<table cellpadding=\"5\" cellspacing=\"0\" width=\"100%\">\n<tbody>\n<tr>\n<td style=\"padding: 5px 0px\" colspan=\"3\" valign=\"top\">\n<div><font face=\"Arial\"><strong><span><font color=\"#996600\" size=\"6\">Situated in the lush Bushveld of the Waterberg region</font></span></strong></font></div>\n<div><strong><span></span></strong>&nbsp;</div></td></tr>\n<tr>\n<td style=\"padding: 5px 0px\" colspan=\"3\" valign=\"top\"><span style=\"font-family: Verdana; color: black; font-size: 10pt\"><span style=\"font-family: Verdana; color: black; font-size: 10pt\"></span>\n<div style=\"margin: 0cm 0cm 0pt; text-align: justify\" class=\"MsoNormal\"><span style=\"font-family: Verdana; color: black; font-size: 10pt\"><img style=\"margin-left: 3px; margin-right: 5px\" title=\"Entrance to hall\" alt=\"Entrance to hall\" src=\"/3rdparty/rvsitebuilder/project/d2762a8d0e35bf1d37e541daac2bf34e/images/Fountain.jpg\" align=\"left\" border=\"3\" width=\"220\" height=\"180\" /><font color=\"#996600\" face=\"Arial\" size=\"4\">Hanlin Lodge offers three fully equipped, luxury wooden self-catering chalets and a honeymoon suite for accommodation.The open-plan wooden function hall, built over the water of the adjacent dam is ideal for functions. The hall caters for weddings and functions for up to 160 people and is perfectly designed to be pleasant during both the warm summers and chilly winter times.</font></span></div>\n<div style=\"margin: 0cm 0cm 0pt; text-align: justify\" class=\"MsoNormal\"><span style=\"font-family: Verdana; color: black; font-size: 10pt\"></span><font color=\"#996600\" size=\"4\">&nbsp;</font></div>\n<div style=\"margin: 0cm 0cm 0pt; text-align: justify\" class=\"MsoNormal\"><span style=\"font-family: Verdana; color: black; font-size: 10pt\"><font color=\"#996600\" face=\"Arial\" size=\"4\">A fully licensed bar, well equipped kitchen and state-of-the-art sound equipment ensure that every function will be a most enjoyable occasion.</font></span></div>\n<div style=\"margin: 0cm 0cm 0pt; text-align: justify\" class=\"MsoNormal\"><span style=\"font-family: Verdana; color: black; font-size: 10pt\"></span><font color=\"#996600\" size=\"4\">&nbsp;</font></div>\n<div style=\"margin: 0cm 0cm 0pt; text-align: justify\" class=\"MsoNormal\"><span style=\"font-family: Verdana; color: black; font-size: 10pt\"><font color=\"#996600\" face=\"Arial\" size=\"4\">For weddings, a secluded bush chapel is available, which is accessed along a short walk from the function venue.</font></span></div>\n<div style=\"margin: 0cm 0cm 0pt; text-align: justify\" class=\"MsoNormal\"><font face=\"Arial\"><font color=\"#996600\"><font size=\"4\"><span style=\"font-family: Arial; color: black; font-size: 9pt\"></span><span style=\"font-family: Arial; color: black; font-size: 10pt\"></span><span style=\"font-family: Arial; color: black; font-size: 9pt\"></span></font></font></font></div>\n<div style=\"margin: 0cm 0cm 0pt; text-align: justify\" class=\"MsoNormal\"><span style=\"font-family: Verdana; color: black; font-size: 10pt\" lang=\"EN-GB\"><font color=\"#996600\" face=\"Arial\" size=\"3\"><font size=\"4\">Several game species are found on the farm and guest are often entertained by animals coming to drink at the dam in the late afternoon, where they can be viewed from the luxury of the chalets\' decks</font>.</font></span></div>\n<div style=\"margin: 0cm 0cm 0pt; text-align: justify\" class=\"MsoNormal\"><span style=\"font-family: Verdana; color: black; font-size: 10pt\" lang=\"EN-GB\"><font color=\"#996600\" face=\"Arial\" size=\"3\">&nbsp;</font></span></div>\n<div style=\"margin: 0cm 0cm 0pt; text-align: justify\" class=\"MsoNormal\"><span style=\"font-family: Verdana; color: black; font-size: 10pt\" lang=\"EN-GB\"><font color=\"#996600\" face=\"Arial\" size=\"3\"><font size=\"6\"><strong>Hanlin Lodge: A place to revive your soul</strong></font>&nbsp;</font></span></div>\n<p><span style=\"font-family: Verdana; color: black; font-size: 10pt\"><font face=\"Arial\"><font size=\"6\"><font color=\"#996600\"><span style=\"font-family: Arial; color: black; font-size: 13.5pt\"></span></font></font></font></span><span style=\"font-family: Verdana; color: black; font-size: 10pt\"><span style=\"font-family: Verdana; color: black; font-size: 10pt\"></span></span>&nbsp;</p></span></td></tr>\n<tr>\n<td align=\"center\" valign=\"top\" width=\"33%\">\n<div>\n<p align=\"center\"><font color=\"#996600\"><img title=\"Chalets\" alt=\"Chalets\" src=\"/3rdparty/rvsitebuilder/project/d2762a8d0e35bf1d37e541daac2bf34e/images/Veranda_over_the_water.jpg\" border=\"3\" width=\"220\" height=\"180\" /></font></p>\n<div><font color=\"#996600\"><font size=\"5\"><strong><span style=\"font-family: Arial; color: black\"><font color=\"#996600\">Chalets</font></span></strong><span style=\"font-family: Arial; color: black; font-size: 9pt\"> </span></font></font></div>\n<div>\n<p style=\"margin: 0cm 0cm 0pt\" class=\"MsoNormal\"><span style=\"font-family: Arial; color: black; font-size: 11.5pt\"><font color=\"#996600\"></font></span></p><span style=\"font-family: Arial; color: black; font-size: 12pt\"></span></div>\n<div><span style=\"font-family: Arial; color: black; font-size: 12pt\"><font color=\"#996600\">&nbsp;</font></span></div>\n<div><span style=\"font-family: Arial; color: black; font-size: 12pt\"><font color=\"#996600\" size=\"4\">Three two bedroom chalets (sleeps 6)and the honeymoon suit offer exclusive air-conditioned accommodation, overlooking the water.</font></span></div></div></td>\n<td align=\"center\" valign=\"top\">\n<div>\n<p align=\"center\"><font color=\"#996600\"><img title=\"Function hall\" alt=\"Pool\" src=\"/3rdparty/rvsitebuilder/project/d2762a8d0e35bf1d37e541daac2bf34e/images/Hall_at_dusk.jpg\" border=\"3\" width=\"220\" height=\"180\" /></font></p>\n<div><font color=\"#996600\"><font size=\"5\"><strong><span style=\"font-family: Arial; color: black\"><font color=\"#996600\">Function venue</font></span></strong><span style=\"font-family: Arial; color: black\"> </span><span style=\"font-family: Arial; color: black; font-size: 9pt\"></span></font></font></div>\n<div><span style=\"font-family: Arial; color: black; font-size: 12pt\"><font color=\"#996600\"></font></span></div>\n<div><span style=\"font-family: Arial; color: black; font-size: 12pt\"><font color=\"#996600\">&nbsp;</font></span></div>\n<div><span style=\"font-family: Arial; color: black; font-size: 12pt\"><font color=\"#996600\" size=\"4\">The function venue is flanked by water on two sides. The reflection of the lights and torches create afestive atmosphere that turns any event into a celebration.</font></span></div></div>\n<div>\n<div><font color=\"#996600\"></font></div></div></td>\n<td align=\"center\" valign=\"top\">\n<div>\n<div><font color=\"#996600\">&nbsp;</font></div>\n<div>\n<div><font color=\"#996600\"><img title=\"Bridge to chapel\" alt=\"Function hall\" src=\"/3rdparty/rvsitebuilder/project/d2762a8d0e35bf1d37e541daac2bf34e/images/Bridge.jpg\" border=\"3\" width=\"217\" height=\"181\" /></font></div></div>\n<p align=\"center\"><font color=\"#996600\"><font size=\"5\"><strong><span style=\"font-family: Arial; color: black\"><font color=\"#996600\">Bridge leading to the chapel</font></span></strong><span style=\"font-family: Arial; color: black\"> </span><span style=\"font-family: Arial; color: black; font-size: 9pt\"></span></font></font></p>\n<div><span style=\"font-family: Arial; color: black; font-size: 12pt\"></span><font color=\"#996600\">&nbsp;</font></div>\n<div><span style=\"font-family: Arial; color: black; font-size: 12pt\"><font color=\"#996600\" size=\"4\">Two wooden bridges lead to the chapel on the other side of the dam.</font></span></div></div></td></tr>\n<tr>\n<td colspan=\"3\" height=\"20\"><br />\n</td>\n<div>\n<div><br />\n<br xmlns=\"http://www.w3.org/1999/xhtml\" />&nbsp;</div></div>\n<div>\n<div>&nbsp;</div></div>\n<div>\n<div>\n<div></div></div></div>\n<td colspan=\"3\" height=\"20\"><br />\n</td></tr></tbody></table></div>',NULL,NULL,NULL,NULL,NULL,NULL,'1','','','Hanlin Lodge, self-catering, accommodation, Modimolle, Nylstroom, Limpopo Province, wedding and function venue, chapel, game drives, bird watching, hunting, gamebird hunting, macnap, Waterberg','Hanlin Lodge offers stunning self-catering accommodation near Modimolle  (Nylstroom) in the Waterberg region of the Limpopo Province, also include a wedding and function venue, honeymoon suite and chapel.',NULL,'1','','','','',NULL,NULL,NULL,NULL,'1297060277',NULL,NULL);
REPLACE INTO rvs_project_page (project_page_id,rvs_usr_id,page_name,custom_page_name,rvs_component_id,page_data,page_data_zone_2,page_data_zone_3,page_data_zone_4,colume_width_1,colume_width_2,colume_width_3,rvs_layout_id,head,page_title,meta_keyword,meta_description,effect_page_enter,duration_page_enter,meta_page_effect,rvs_link_id,target,form_template_id,i_pathway,i_mail,i_print,i_favorite,last_modifier,link_active,page_type) VALUES ('9df535783f442151ba7ba3818b3d58d7','e5f192991c50fd12bdabdf07cb1abc52','Photo Album','Photo Album','69eecc139bfc9bc1c6ff4aae51eaf135','<?php include \"albums_9df535783f442151ba7ba3818b3d58d7.php\"; ?>',NULL,NULL,NULL,NULL,NULL,NULL,'0','','','','',NULL,'1','','','','',NULL,NULL,NULL,NULL,NULL,NULL,NULL);
REPLACE INTO rvs_project_page (project_page_id,rvs_usr_id,page_name,custom_page_name,rvs_component_id,page_data,page_data_zone_2,page_data_zone_3,page_data_zone_4,colume_width_1,colume_width_2,colume_width_3,rvs_layout_id,head,page_title,meta_keyword,meta_description,effect_page_enter,duration_page_enter,meta_page_effect,rvs_link_id,target,form_template_id,i_pathway,i_mail,i_print,i_favorite,last_modifier,link_active,page_type) VALUES ('9342f151e6c32f425e1f5fc27a18ec62','e5f192991c50fd12bdabdf07cb1abc52','Links','','','<p><img title=\"\" alt=\"\" width=\"1500\" height=\"389\" src=\"/3rdparty/rvsitebuilder/project/d2762a8d0e35bf1d37e541daac2bf34e/images/HANLINBanner.jpg\" /></p>\n<div>&nbsp;</div>\n<div>&nbsp;</div>\n<div>&nbsp;</div>\n<div>&nbsp;</div>',NULL,NULL,NULL,NULL,NULL,NULL,'1','','','','',NULL,NULL,'','','','',NULL,NULL,NULL,NULL,'1316777389',NULL,NULL);
REPLACE INTO `rvs_publish` (`project_id`, `rvs_publish_protocal`, `rvs_publish_domain`, `rvs_publish_path`, `rvs_domain_path`) VALUES ('d2762a8d0e35bf1d37e541daac2bf34e', 'http', 'hanlinlodge.co.za', '', '/home/hanlinlo/public_html');
REPLACE INTO `rvs_side_to_project` (`rvs_side_id`, `project_id`) VALUES ('c5b798192dc49cd9c6359c846ff30142', 'd2762a8d0e35bf1d37e541daac2bf34e');
REPLACE INTO `rvs_side_to_project` (`rvs_side_id`, `project_id`) VALUES ('08bc83c15c974afcfb7601cff9b0e1fe', 'd2762a8d0e35bf1d37e541daac2bf34e');
REPLACE INTO `rvs_side_to_project` (`rvs_side_id`, `project_id`) VALUES ('bd4883541e51e07189b7177cb2c1d0aa', 'd2762a8d0e35bf1d37e541daac2bf34e');
REPLACE INTO `rvs_side_to_project` (`rvs_side_id`, `project_id`) VALUES ('c6c7221518b02bebd7bf59b89310930b', 'd2762a8d0e35bf1d37e541daac2bf34e');
REPLACE INTO `rvs_side` (`rvs_side_id`, `side_config`, `side_value`) VALUES ('c5b798192dc49cd9c6359c846ff30142', 'bottom', '<div align=\"center\">\r\n<table style=\"width: 421.2pt\" class=\"MsoNormalTable\" border=\"0\" cellpadding=\"0\" cellspacing=\"0\">\r\n<tbody>\r\n<tr>\r\n<td style=\"background-color: transparent; border-color: #ece9d8; padding: 0cm\">\r\n<p style=\"text-align: center; margin: 0cm 0cm 0pt\" class=\"MsoNormal\" align=\"center\"><span lang=\"EN-GB\"></span></p>\r\n<p style=\"text-align: center; margin: 0cm 0cm 0pt\" class=\"MsoNormal\" align=\"center\"><span lang=\"EN-GB\"></span></p>\r\n<p style=\"text-align: center; margin: 0cm 0cm 0pt\" class=\"MsoNormal\" align=\"center\"><span lang=\"EN-GB\"><font face=\"Times New Roman\" size=\"3\"><span id=\"ctl00_copyLABEL\">All Rights Reserved</span></font></span></p></td></tr></tbody></table></div>\r\n<div style=\"margin: 0cm 0cm 0pt\" class=\"MsoNormal\"><span lang=\"EN-GB\"><span class=\"footertext\"><span id=\"ctl00_Label1\"><font face=\"Times New Roman\" size=\"3\">&nbsp;&nbsp;&nbsp;&nbsp;&nbsp;&nbsp;&nbsp;&nbsp;&nbsp;&nbsp;&nbsp;&nbsp;&nbsp;&nbsp;&nbsp;&nbsp;&nbsp;&nbsp;&nbsp;&nbsp;&nbsp;&nbsp;&nbsp;&nbsp;&nbsp;&nbsp;&nbsp;&nbsp;&nbsp;&nbsp;&nbsp;</font></span></span></span></div>\r\n<div style=\"margin: 0cm 0cm 0pt\" class=\"MsoNormal\" align=\"center\"><span lang=\"EN-GB\"><span class=\"footertext\"><span><font face=\"Times New Roman\" size=\"3\">This site is maintained by </font></span></span><br />\r\n<div align=\"center\"><img title=\"\" alt=\"\" src=\"/3rdparty/rvsitebuilder/project/d2762a8d0e35bf1d37e541daac2bf34e/documents/Hanlin_Lodge_logo.jpg\" width=\"160\" height=\"38\" /><a title=\"Email us\" href=\"mailto:info@hanlinlodge.co.za?subject=Web%20site%20issues&amp;body=Thank%20you%2C%20we%20will%20reply%20to%20you%20shortly.\"></a></div></span></div>\r\n<div align=\"center\"></div><br />\r\n<div align=\"center\">&nbsp;</div>\r\n<div align=\"center\"><a title=\"Crhistian webhosting\" href=\"http://webnet77.com\"><img style=\"width: 334px; height: 41px\" title=\"\" alt=\"\" src=\"/3rdparty/rvsitebuilder/project/d2762a8d0e35bf1d37e541daac2bf34e/images/468x60-Webnet-logo.jpg\" border=\"0\" width=\"334\" height=\"41\" /></a></div>\r\n<div align=\"center\"><a title=\"Email us\" href=\"mailto:info@hanlinlodge.co.za?subject=Web%20site%20issues&amp;body=Thank%20you%2C%20we%20will%20reply%20to%20you%20shortly.\"></a>&nbsp;</div>');
REPLACE INTO `rvs_side` (`rvs_side_id`, `side_config`, `side_value`) VALUES ('08bc83c15c974afcfb7601cff9b0e1fe', 'top', '<div><img style=\"margin-right: 2px; margin-left: 2px\" title=\"Wine\" border=\"2\" alt=\"Wine\" width=\"90\" height=\"90\" src=\"/3rdparty/rvsitebuilder/project/d2762a8d0e35bf1d37e541daac2bf34e/documents/Wine.jpg\" />&nbsp;<img style=\"margin-right: 2px; margin-left: 2px\" title=\"Confetti\" border=\"2\" alt=\"Confetti\" width=\"90\" height=\"90\" src=\"/3rdparty/rvsitebuilder/project/d2762a8d0e35bf1d37e541daac2bf34e/documents/Cone_blessing.bmp\" /><img style=\"margin-right: 2px; margin-left: 2px\" title=\"Bathroom\" border=\"2\" alt=\"Bathroom\" width=\"90\" height=\"90\" src=\"/3rdparty/rvsitebuilder/project/d2762a8d0e35bf1d37e541daac2bf34e/documents/Bathroom2.jpg\" /><img style=\"margin-right: 2px; margin-left: 2px\" title=\"Pool\" border=\"2\" alt=\"Pool\" width=\"90\" height=\"90\" src=\"/3rdparty/rvsitebuilder/project/d2762a8d0e35bf1d37e541daac2bf34e/documents/028.jpg\" /><img style=\"margin-right: 2px; margin-left: 2px\" title=\"Tie-back\" border=\"2\" alt=\"Tie-back\" width=\"90\" height=\"90\" src=\"/3rdparty/rvsitebuilder/project/d2762a8d0e35bf1d37e541daac2bf34e/documents/Tie-backball.bmp\" /></div>');
REPLACE INTO `rvs_side` (`rvs_side_id`, `side_config`, `side_value`) VALUES ('bd4883541e51e07189b7177cb2c1d0aa', 'side1', '<div>\r\n<div><img title=\"\" alt=\"\" width=\"116\" height=\"78\" src=\"/3rdparty/rvsitebuilder/project/d2762a8d0e35bf1d37e541daac2bf34e/images/BFEnewlogo.jpg\" /></div></div>\r\n<div>\r\n<div>&nbsp;</div>\r\n<div>&nbsp;</div></div>');
REPLACE INTO `rvs_side` (`rvs_side_id`, `side_config`, `side_value`) VALUES ('c6c7221518b02bebd7bf59b89310930b', 'side2', '<a style=\"margin: 3px; border: currentColor; text-decoration: none\" title=\"\" target=\"_blank\" href=\"http://www.travelground.com/accommodation-in/limpopo\"><img style=\"border: currentColor; text-decoration: none\" title=\"Limpopo Accommodation\" alt=\"Limpopo Accommodation\" src=\"http://www.travelground.com/img/awards/membership-badge-square.png\" /></a>&nbsp;<br />\r\n<iframe style=\"border: currentColor; width: 300px; height: 590px; overflow: hidden\" frameborder=\"0\" allowtransparency=\"true\" scrolling=\"no\" src=\"//www.facebook.com/plugins/likebox.php?href=http%3A%2F%2Fwww.facebook.com%2FHanlinLodge&amp;width=300&amp;height=590&amp;colorscheme=light&amp;show_faces=true&amp;border_color&amp;stream=true&amp;header=true\"></iframe>');
REPLACE INTO `rvs_template_item` (`template_item_id`, `products_id`, `template_id`, `template_item_folder`, `template_type_s_preview`, `color_id`, `picture_id`) VALUES ('00cdc4ee9005f456c59ef833b5186102', '17-904670-1', '00cdc4ee9005f456c59ef833b5186102', '17-904670-1_gold_DiyPicture_2', 'gif', '38', 'cffb47ce570509e8e3e800c548116adf');
REPLACE INTO `rvs_template_item_navigator_color` (`template_item_id`, `custom_color_group_id`) VALUES ('00cdc4ee9005f456c59ef833b5186102', '6');
REPLACE INTO `rvs_template` (`template_id`, `default_template_item_id`, `default_template_item_id2`, `font_id`, `menustyle_id`, `navigator_id`, `default_layout_id`, `sort_priority`, `cdate`) VALUES ('00cdc4ee9005f456c59ef833b5186102', '00cdc4ee9005f456c59ef833b5186102', '', '12', '2', '119', '0', '599', '2053900800');
REPLACE INTO `rvs_menustyle` (`menustyle_id`, `menustyle_description`) VALUES ('2', 'horizontal');
REPLACE INTO `rvs_template_categories_xref` (`template_id`, `rvs_category_id`) VALUES ('00cdc4ee9005f456c59ef833b5186102', '17');
REPLACE INTO rvs_template_import (template_id,rvs_usr_id,private) VALUES ('00cdc4ee9005f456c59ef833b5186102','e5f192991c50fd12bdabdf07cb1abc52','1');
REPLACE INTO rvs_usr (rvs_usr_id,user_name) VALUES ('e5f192991c50fd12bdabdf07cb1abc52','hanlinlo');
